{"id":3650,"date":"2023-02-13T12:50:12","date_gmt":"2023-02-13T11:50:12","guid":{"rendered":"https:\/\/ibr.bs.katowice.pl\/?page_id=3650"},"modified":"2023-08-31T09:00:56","modified_gmt":"2023-08-31T07:00:56","slug":"etyka-publikacji","status":"publish","type":"page","link":"https:\/\/ibr.bs.katowice.pl\/?page_id=3650","title":{"rendered":"Etyka publikacji"},"content":{"rendered":"\n<p>Redakcja \u201eZarania \u015al\u0105skiego. Serii drugiej\u201d dba o\u00a0utrzymanie odpowiednich standard\u00f3w etycznych<br>obowi\u0105zuj\u0105cych w\u00a0praktyce wydawniczej oraz\u00a0wykorzystuje wszystkie mo\u017cliwe \u015brodki<br>maj\u0105ce na\u00a0celu zapobieganie nadu\u017cyciom i\u00a0nierzetelno\u015bci autorskiej. Zasady etyczne<br>s\u0105\u00a0zgodne ze\u00a0wskaz\u00f3wkami zawartymi w\u00a0Zasadach Post\u0119powania COPE (Committee<br>on\u00a0Publication Ethics) oraz\u00a0zgodnie z\u00a0tre\u015bci\u0105 Kodeksu Etyki Pracownika Naukowego.<br>Zasady etyczne obowi\u0105zuj\u0105 redakcj\u0119 oraz\u00a0autor\u00f3w i\u00a0recenzent\u00f3w.<\/p>\n\n\n\n<p><strong>Zasady obowi\u0105zuj\u0105ce Redakcj\u0119<\/strong><\/p>\n\n\n\n<ol class=\"wp-block-list\"><li>Redakcja ocenia warto\u015b\u0107 naukow\u0105 tekst\u00f3w i\u00a0decyduje w\u00a0oparciu o\u00a0opinie<br>recenzent\u00f3w\/ekspert\u00f3w o\u00a0przyj\u0119ciu ich do\u00a0druku.<\/li><li>Redakcja stosuje zasad\u0119 double blind review, zgodnie z\u00a0kt\u00f3r\u0105 recenzent i\u00a0autor<br>nie\u00a0znaj\u0105 swoich to\u017csamo\u015bci.<\/li><li>Recenzja dokonywana jest na\u00a0formularzu, udost\u0119pnionym przez\u00a0redakcj\u0119 i\u00a0musi<br>ko\u0144czy\u0107 si\u0119 wnioskiem co do\u00a0dopuszczenia artyku\u0142u do\u00a0publikacji lub jego<br>odrzucenia.<\/li><li>Redakcja powo\u0142uje dw\u00f3ch recenzent\u00f3w zewn\u0119trznych, nieafiliowanych przy<br>podmiotach wydaj\u0105cych rocznik ( Biblioteka \u015al\u0105ska, Wydawnictwo \u201e\u015al\u0105sk\u201d) z dw\u00f3ch<br>r\u00f3\u017cnych o\u015brodk\u00f3w naukowych.<\/li><li>Redakcja jest zobowi\u0105zana do\u00a0odpowiedniej, zgodnej z\u00a0obowi\u0105zuj\u0105cymi zasadami<br>i\u00a0przepisami, reakcji na\u00a0wszelkie przejawy nierzetelno\u015bci autorskiej, redakcyjnej lub<br>recenzenckiej.<\/li><li>Decyzj\u0119 o\u00a0publikacji tekstu podejmuje redaktor naczelny, po\u00a0zasi\u0119gni\u0119ciu opinii<br>Kolegium Redakcyjnego i\u00a0ewentualnie Rady Naukowej, na\u00a0podstawie analizy uwag<br>i\u00a0konkluzji zawartych w\u00a0recenzjach wraz z\u00a0ewentualn\u0105 polemik\u0105 autora tekstu<br>i\u00a0ostatecznej wersji tekstu, dostarczonej przez\u00a0autora.<\/li><li>W\u00a0przypadku podj\u0119cia decyzji o\u00a0nieprzyj\u0119ciu tekstu do\u00a0druku redakcja nie\u00a0mo\u017ce<br>go\u00a0w\u00a0\u017caden spos\u00f3b wykorzysta\u0107 bez\u00a0pisemnej zgody autora.<\/li><\/ol>\n\n\n\n<p><strong>Zasady obowi\u0105zuj\u0105ce Autor\u00f3w <\/strong><\/p>\n\n\n\n<ol class=\"wp-block-list\"><li>Autor, zg\u0142aszaj\u0105c tekst, gwarantuje, \u017ce\u00a0jest to\u00a0praca oryginalna, nienaruszaj\u0105ca praw<br>autorskich, niepublikowana i\u00a0niezg\u0142oszona do\u00a0druku w\u00a0innym wydawnictwie.<\/li><\/ol>\n\n\n\n<ol class=\"wp-block-list\" start=\"2\"><li>Autor zobowi\u0105zany jest do\u00a0rzetelnego opisu wykonanych prac badawczych<br>oraz\u00a0obiektywnej interpretacji wynik\u00f3w. Artyku\u0142y musz\u0105 zawiera\u0107 listy<br>wykorzystanych materia\u0142\u00f3w \u017ar\u00f3d\u0142owych, informacje bibliograficzne i\u00a0przypisy<br>(umo\u017cliwiaj\u0105ce identyfikacj\u0119 \u017ar\u00f3de\u0142 danych).<\/li><li>Autor artyku\u0142u zobowi\u0105zany jest do\u00a0ujawnienia informacji o\u00a0\u017ar\u00f3d\u0142ach finansowania<br>bada\u0144 b\u0105d\u017a udziale w\u00a0nich instytucji naukowo-badawczych.<\/li><li>Autor zobowi\u0105zany jest ujawni\u0107 udzia\u0142 wszystkich os\u00f3b zaanga\u017cowanych w\u00a0prac\u0119<br>nad\u00a0tekstem.<\/li><li>Je\u015bli autor odkryje znacz\u0105ce b\u0142\u0119dy lub nie\u015bcis\u0142o\u015bci w\u00a0swoim tek\u015bcie, zobowi\u0105zany jest<br>niezw\u0142ocznie powiadomi\u0107 o\u00a0tym redakcj\u0119.<\/li><li>Autorzy zobowi\u0105zani s\u0105\u00a0do\u00a0wsp\u00f3\u0142pracy z\u00a0redakcj\u0105 w\u00a0procesie przygotowania tekstu<br>do\u00a0druku.<\/li><li>Autor ma obowi\u0105zek uwzgl\u0119dni\u0107 zalecenia redakcji oraz recenzent\u00f3w i\u00a0poprawi\u0107<br>tekst. Recenzentom przys\u0142uguje prawo do\u00a0powt\u00f3rnej weryfikacji poprawionego tekstu.<br>Je\u015bli autor tekstu nie\u00a0zgadza si\u0119 z\u00a0konkluzjami recenzenta, ma prawo<br>do\u00a0przedstawienia swojego stanowiska redakcji w\u00a0nocie polemicznej.<\/li><li>Autorzy zachowuj\u0105 prawo do\u00a0opublikowanego materia\u0142u, mog\u0105 prezentowa\u0107<br>wydrukowane w\u00a0\u201eZarania \u015al\u0105skiego\u201d artyku\u0142y na\u00a0konferencjach i\u00a0zjazdach<br>naukowych.<\/li><\/ol>\n\n\n\n<p><strong>Zasady obowi\u0105zuj\u0105ce Recenzent\u00f3w <\/strong><\/p>\n\n\n\n<ol class=\"wp-block-list\"><li>Recenzent powinien dostarczy\u0107 recenzj\u0119 w\u00a0ustalonym terminie lub poinformowa\u0107<br>redakcj\u0119 o\u00a0okoliczno\u015bciach uniemo\u017cliwiaj\u0105cych dotrzymanie terminu.<\/li><\/ol>\n\n\n\n<ol class=\"wp-block-list\" start=\"2\"><li>Recenzja dokonywana jest na&nbsp;formularzu, udost\u0119pnionym przez&nbsp;redakcj\u0119 i&nbsp;musi<br>ko\u0144czy\u0107 si\u0119 wnioskiem co do&nbsp;dopuszczenia artyku\u0142u do&nbsp;publikacji lub jego<br>odrzucenia. Recenzja dokonywana jest na&nbsp;formularzu, udost\u0119pnionym przez&nbsp;redakcj\u0119<br>i&nbsp;musi ko\u0144czy\u0107 si\u0119 wnioskiem co do&nbsp;dopuszczenia artyku\u0142u do&nbsp;publikacji lub jego<br>odrzucenia.<\/li><li>Recenzja powinna mie\u0107 charakter obiektywny i&nbsp;by\u0107 odpowiednio uzasadniona<\/li><li>Recenzent, je\u015bli zachodzi taka potrzeba, powinien wskaza\u0107 prace zwi\u0105zane z&nbsp;tematyk\u0105<br>tekstu, kt\u00f3re nie&nbsp;znalaz\u0142y si\u0119 w&nbsp;przypisach autorskich. Recenzent powinien wskaza\u0107<br>istotne podobie\u0144stwa recenzowanego tekstu do&nbsp;innych prac.<\/li><li>Recenzje artyku\u0142\u00f3w maj\u0105 charakter poufny, ujawnianie ich osobom trzecim jest<br>niedopuszczalne (z&nbsp;wyj\u0105tkiem os\u00f3b, kt\u00f3re bior\u0105 udzia\u0142 w&nbsp;procesie wydawniczym).<\/li><li>Recenzent nie&nbsp;powinien ocenia\u0107 tekst\u00f3w, co&nbsp;do&nbsp;kt\u00f3rych&nbsp;istnieje podejrzenie, \u017ce&nbsp;mog\u0105<br>wywo\u0142a\u0107 konflikt interes\u00f3w wynikaj\u0105cy ze&nbsp;wsp\u00f3\u0142pracy z&nbsp;autorem.<\/li><li>Recenzent nie&nbsp;mo\u017ce wykorzystywa\u0107 recenzowanej pracy do&nbsp;w\u0142asnych cel\u00f3w<br>bez&nbsp;pisemnej zgody autora.<\/li><li>Nazwiska recenzent\u00f3w zostaj\u0105 ujawnione po opublikowaniu tomu rocznika.<\/li><\/ol>\n","protected":false},"excerpt":{"rendered":"<p>Redakcja \u201eZarania \u015al\u0105skiego. Serii drugiej\u201d dba o\u00a0utrzymanie odpowiednich standard\u00f3w etycznychobowi\u0105zuj\u0105cych w\u00a0praktyce wydawniczej oraz\u00a0wykorzystuje wszystkie mo\u017cliwe \u015brodkimaj\u0105ce na\u00a0celu zapobieganie nadu\u017cyciom i\u00a0nierzetelno\u015bci autorskiej. Zasady etycznes\u0105\u00a0zgodne ze\u00a0wskaz\u00f3wkami zawartymi w\u00a0Zasadach Post\u0119powania COPE (Committeeon\u00a0Publication Ethics) oraz\u00a0zgodnie z\u00a0tre\u015bci\u0105 Kodeksu Etyki Pracownika Naukowego.Zasady etyczne obowi\u0105zuj\u0105 redakcj\u0119 oraz\u00a0autor\u00f3w i\u00a0recenzent\u00f3w. Zasady obowi\u0105zuj\u0105ce Redakcj\u0119 Redakcja ocenia warto\u015b\u0107 naukow\u0105 tekst\u00f3w i\u00a0decyduje w\u00a0oparciu o\u00a0opinierecenzent\u00f3w\/ekspert\u00f3w o\u00a0przyj\u0119ciu ich do\u00a0druku.<\/p>\n<div class=\"read-more-wrapper\"><a class=\"read-more\" href=\"https:\/\/ibr.bs.katowice.pl\/?page_id=3650\" title=\"Read More\"> <span class=\"button \">Read More<\/span><\/a><\/div>\n","protected":false},"author":2,"featured_media":0,"parent":0,"menu_order":0,"comment_status":"closed","ping_status":"closed","template":"","meta":{"footnotes":""},"class_list":["post-3650","page","type-page","status-publish","hentry"],"_links":{"self":[{"href":"https:\/\/ibr.bs.katowice.pl\/index.php?rest_route=\/wp\/v2\/pages\/3650","targetHints":{"allow":["GET"]}}],"collection":[{"href":"https:\/\/ibr.bs.katowice.pl\/index.php?rest_route=\/wp\/v2\/pages"}],"about":[{"href":"https:\/\/ibr.bs.katowice.pl\/index.php?rest_route=\/wp\/v2\/types\/page"}],"author":[{"embeddable":true,"href":"https:\/\/ibr.bs.katowice.pl\/index.php?rest_route=\/wp\/v2\/users\/2"}],"replies":[{"embeddable":true,"href":"https:\/\/ibr.bs.katowice.pl\/index.php?rest_route=%2Fwp%2Fv2%2Fcomments&post=3650"}],"version-history":[{"count":3,"href":"https:\/\/ibr.bs.katowice.pl\/index.php?rest_route=\/wp\/v2\/pages\/3650\/revisions"}],"predecessor-version":[{"id":3824,"href":"https:\/\/ibr.bs.katowice.pl\/index.php?rest_route=\/wp\/v2\/pages\/3650\/revisions\/3824"}],"wp:attachment":[{"href":"https:\/\/ibr.bs.katowice.pl\/index.php?rest_route=%2Fwp%2Fv2%2Fmedia&parent=3650"}],"curies":[{"name":"wp","href":"https:\/\/api.w.org\/{rel}","templated":true}]}}