{"id":3646,"date":"2023-02-13T12:48:29","date_gmt":"2023-02-13T11:48:29","guid":{"rendered":"https:\/\/ibr.bs.katowice.pl\/?page_id=3646"},"modified":"2024-07-25T08:03:31","modified_gmt":"2024-07-25T06:03:31","slug":"licencja-na-publikacje-tekstu","status":"publish","type":"page","link":"https:\/\/ibr.bs.katowice.pl\/?page_id=3646","title":{"rendered":"Licencja autorska"},"content":{"rendered":"\n<p>Od momentu przej\u015bcia na wersj\u0119 cyfrow\u0105, czasopismo funkcjonuje w otwartym dost\u0119pie, co oznacza, \u017ce wszystkie tre\u015bci s\u0105 dost\u0119pne bezp\u0142atnie dla u\u017cytkownik\u00f3w i instytucji. <\/p>\n\n\n\n<p>W numerze 8 (2022) publikowane artyku\u0142y obj\u0119te s\u0105 licencj\u0105\u00a0<strong>Uznanie autorstwa 4.0 Mi\u0119dzynarodowe<\/strong> (<a href=\"https:\/\/creativecommons.org\/licenses\/by\/4.0\/deed.pl\">CC BY 4.0<\/a>).\u00a0\u00a0<\/p>\n\n\n\n<p>Z tre\u015bci\u0105 licencji mo\u017cna zapozna\u0107 si\u0119 pod linkiem: <a href=\"https:\/\/creativecommons.org\/licenses\/by\/4.0\/legalcode\">https:\/\/creativecommons.org\/licenses\/by\/4.0\/legalcode<\/a>.<\/p>\n\n\n\n<p>Od numeru 9 (2023) publikowane artyku\u0142y obj\u0119te s\u0105 licencj\u0105 Uznanie autorstwa &#8211; U\u017cycie niekomercyjne &#8211; Bez utwor\u00f3w zale\u017cnych 4.0 Mi\u0119dzynarodowa (<a href=\"https:\/\/creativecommons.org\/licenses\/by-nc-nd\/4.0\/deed.pl\">CC BY-NC-ND 4.0)<\/a>.<\/p>\n\n\n\n<p>Z tre\u015bci\u0105 licencji mo\u017cna zapozna\u0107 si\u0119 pod linkiem: <a href=\"https:\/\/creativecommons.org\/licenses\/by-nc-nd\/4.0\/legalcode.pl\">https:\/\/creativecommons.org\/licenses\/by-nc-nd\/4.0\/legalcode.pl<\/a> <\/p>\n","protected":false},"excerpt":{"rendered":"<p>Od momentu przej\u015bcia na wersj\u0119 cyfrow\u0105, czasopismo funkcjonuje w otwartym dost\u0119pie, co oznacza, \u017ce wszystkie tre\u015bci s\u0105 dost\u0119pne bezp\u0142atnie dla u\u017cytkownik\u00f3w i instytucji. W numerze 8 (2022) publikowane artyku\u0142y obj\u0119te s\u0105 licencj\u0105\u00a0Uznanie autorstwa 4.0 Mi\u0119dzynarodowe (CC BY 4.0).\u00a0\u00a0 Z tre\u015bci\u0105 licencji mo\u017cna zapozna\u0107 si\u0119 pod linkiem: https:\/\/creativecommons.org\/licenses\/by\/4.0\/legalcode. Od numeru 9 (2023) publikowane artyku\u0142y obj\u0119te s\u0105<\/p>\n<div class=\"read-more-wrapper\"><a class=\"read-more\" href=\"https:\/\/ibr.bs.katowice.pl\/?page_id=3646\" title=\"Read More\"> <span class=\"button \">Read More<\/span><\/a><\/div>\n","protected":false},"author":2,"featured_media":0,"parent":0,"menu_order":0,"comment_status":"closed","ping_status":"closed","template":"","meta":{"footnotes":""},"class_list":["post-3646","page","type-page","status-publish","hentry"],"_links":{"self":[{"href":"https:\/\/ibr.bs.katowice.pl\/index.php?rest_route=\/wp\/v2\/pages\/3646","targetHints":{"allow":["GET"]}}],"collection":[{"href":"https:\/\/ibr.bs.katowice.pl\/index.php?rest_route=\/wp\/v2\/pages"}],"about":[{"href":"https:\/\/ibr.bs.katowice.pl\/index.php?rest_route=\/wp\/v2\/types\/page"}],"author":[{"embeddable":true,"href":"https:\/\/ibr.bs.katowice.pl\/index.php?rest_route=\/wp\/v2\/users\/2"}],"replies":[{"embeddable":true,"href":"https:\/\/ibr.bs.katowice.pl\/index.php?rest_route=%2Fwp%2Fv2%2Fcomments&post=3646"}],"version-history":[{"count":6,"href":"https:\/\/ibr.bs.katowice.pl\/index.php?rest_route=\/wp\/v2\/pages\/3646\/revisions"}],"predecessor-version":[{"id":3949,"href":"https:\/\/ibr.bs.katowice.pl\/index.php?rest_route=\/wp\/v2\/pages\/3646\/revisions\/3949"}],"wp:attachment":[{"href":"https:\/\/ibr.bs.katowice.pl\/index.php?rest_route=%2Fwp%2Fv2%2Fmedia&parent=3646"}],"curies":[{"name":"wp","href":"https:\/\/api.w.org\/{rel}","templated":true}]}}