{"id":3643,"date":"2023-02-13T12:46:28","date_gmt":"2023-02-13T11:46:28","guid":{"rendered":"https:\/\/ibr.bs.katowice.pl\/?page_id=3643"},"modified":"2023-02-13T12:46:29","modified_gmt":"2023-02-13T11:46:29","slug":"polityka-prywatnosci","status":"publish","type":"page","link":"https:\/\/ibr.bs.katowice.pl\/?page_id=3643","title":{"rendered":"Polityka prywatno\u015bci"},"content":{"rendered":"\n<p>W&nbsp;odniesieniu do&nbsp;ochrony danych osobowych, realizuj\u0105c obowi\u0105zek informacyjny, okre\u015blony w&nbsp;art. 13 Rozporz\u0105dzenia Parlamentu Europejskiego i&nbsp;Rady (UE) 2016\/679 z&nbsp;dnia 27 kwietnia 2016&nbsp;r. w&nbsp; sprawie ochrony os\u00f3b fizycznych w&nbsp;zwi\u0105zku z&nbsp;przetwarzaniem danych osobowych i&nbsp;w&nbsp;sprawie swobodnego przep\u0142ywu takich danych oraz&nbsp;uchylenia dyrektywy 95\/46\/WE, informujemy, \u017ce:&nbsp;<\/p>\n\n\n\n<ol class=\"wp-block-list\"><li>Administratorem Pani\/Pana danych osobowych jest Biblioteka \u015al\u0105ska w&nbsp;Katowicach (plac Rady Europy 1, 40-021 Katowice), tel.&nbsp;<a href=\"tel:+48322083875\">+48 32 208 38 75<\/a>, adres e-mail: <a href=\"mailto:bsl@bs.katowice.pl\">bsl@bs.katowice.pl<\/a>.<\/li><li>Pani\/Pana dane osobowe przetwarzane b\u0119d\u0105 w&nbsp;zwi\u0105zku z&nbsp;publikacj\u0105 artyku\u0142\u00f3w w&nbsp;czasopi\u015bmie \u201eKsi\u0105\u017cnica \u015al\u0105ska\u201d, realizacj\u0105 procesu wydawniczego oraz&nbsp;komunikacj\u0105 z&nbsp;autorami i&nbsp;czytelnikami. Dane osobowe b\u0119d\u0105 przetwarzane na&nbsp;podstawie:<ol><li>art. 6 ust.1. lit. b) rozporz\u0105dzenia RODO: w&nbsp;celu zawarcia i&nbsp;wykonania umowy zwi\u0105zanej z&nbsp;publikacj\u0105,<\/li><li>art. 6 ust.1. lit. c) rozporz\u0105dzenia RODO: w&nbsp;celu wype\u0142nienia obowi\u0105zku prawnego, a&nbsp;w&nbsp;szczeg\u00f3lno\u015bci art. 4 ust. 2 ustawy z&nbsp;dnia 27 czerwca 1997&nbsp;r. o&nbsp;bibliotekach (t.j. Dz.U. z&nbsp;2019&nbsp;r. poz. 1479 z&nbsp;p\u00f3\u017an. zm.) oraz&nbsp;art. 1 ust. 1 ustawy z&nbsp;dnia 25 pa\u017adziernika 1991&nbsp;r. o&nbsp;organizowaniu i&nbsp;prowadzeniu dzia\u0142alno\u015bci kulturalnej (t.j. Dz.&nbsp;U. z&nbsp;2020&nbsp;r. poz. 194 z&nbsp;p\u00f3\u017an. zm.),<\/li><li>art. 6 ust.1. lit. a) rozporz\u0105dzenia RODO (dobrowolnej zgody): w&nbsp;celu komunikacji z&nbsp;autorami i&nbsp; czytelnikami. Podaj\u0105c swoje dane kontaktowe (np.&nbsp;e-mail, nr&nbsp;telefonu) wyra\u017ca Pan\/Pani zgod\u0119 na&nbsp;przetwarzanie swoich danych osobowych w&nbsp;celach kontaktowych. Powy\u017csza zgoda oznacza, \u017ce&nbsp;zosta\u0142a wyra\u017cona dobrowolnie, konkretnie, \u015bwiadomie i&nbsp;stanowi jednoznaczne okazanie Pana\/Pani woli.<\/li><\/ol><\/li><li>Podanie danych jest dobrowolne, lecz&nbsp;niezb\u0119dne do&nbsp;realizacji w\/w cel\u00f3w. W&nbsp;przypadku niepodania danych wyst\u0119puje brak mo\u017cliwo\u015bci realizacji cel\u00f3w dla kt\u00f3rych&nbsp;dane zosta\u0142y podane.<\/li><li>Pani\/Pana dane osobowe nie&nbsp;podlegaj\u0105 zautomatyzowanemu podejmowaniu decyzji, w&nbsp;tym profilowaniu. Mog\u0105 by\u0107 udost\u0119pniane podmiotom \u015bwiadcz\u0105cym us\u0142ugi programistyczne i&nbsp; informatyczne, na&nbsp;podstawie um\u00f3w powierzenia. Pani\/Pana dane osobowe mog\u0105 by\u0107 udost\u0119pniane tak\u017ce innym podmiotom przetwarzaj\u0105cym dane osobowe na&nbsp;zlecenie Administratora, tj.&nbsp;podmiotom zaanga\u017cowanym w&nbsp;realizacj\u0119 procesu wydawniczego (w&nbsp;tym autorom, recenzentom, t\u0142umaczom, grafikom, redaktorom, fotografom, podmiotom \u015bwiadcz\u0105cym us\u0142ugi drukarskie i&nbsp;us\u0142ugi dystrybucji). Dane mog\u0105 by\u0107 tak\u017ce udost\u0119pniane instytucjom upowa\u017cnionym z&nbsp;mocy przepis\u00f3w prawa.<\/li><li>Przys\u0142uguje Pani\/Panu prawo dost\u0119pu do&nbsp;tre\u015bci danych osobowych oraz&nbsp;prawo ich sprostowania, usuni\u0119cia, ograniczenia przetwarzania, prawo do&nbsp;przenoszenia danych, prawo wniesienia sprzeciwu wobec przetwarzania, a&nbsp;tak\u017ce prawo do&nbsp;cofni\u0119cia zgody w&nbsp;dowolnym momencie bez&nbsp;wp\u0142ywu na&nbsp;zgodno\u015b\u0107 z&nbsp;prawem przetwarzania, kt\u00f3rego&nbsp;dokonano na&nbsp;podstawie zgody przed&nbsp;jej cofni\u0119ciem. W&nbsp; sprawach dotycz\u0105cych danych osobowych nale\u017cy si\u0119 kontaktowa\u0107 z&nbsp;inspektorem ochrony danych osobowych w&nbsp;Bibliotece \u015al\u0105skiej, tel.&nbsp;<a href=\"tel:+48322083726\">+48 32 208 37 26<\/a>, adres e-mail: <a href=\"mailto:iodo@bs.katowice.pl\">iodo@bs.katowice.pl<\/a>.<\/li><li>Przys\u0142uguje Pani\/Panu prawo do&nbsp;wniesienia skargi do&nbsp;organu nadzorczego (Prezes Urz\u0119du Ochrony Danych Osobowych).<\/li><li>Dane osobowe, kt\u00f3rych&nbsp;podstaw\u0105 prawn\u0105 przetwarzania jest art. 6 ust.1. lit. a) rozporz\u0105dzenia RODO b\u0119d\u0105 przetwarzane przez&nbsp;Bibliotek\u0119 \u015al\u0105sk\u0105 do&nbsp;czasu cofni\u0119cia zgody. Pozosta\u0142a dokumentacja zawieraj\u0105ca dane osobowe przechowywana b\u0119dzie przez&nbsp;okres archiwizacji zgodny z&nbsp;obowi\u0105zuj\u0105cymi aktami prawnymi i&nbsp;instrukcj\u0105 kancelaryjn\u0105 obowi\u0105zuj\u0105c\u0105 w&nbsp;Bibliotece \u015al\u0105skiej.<\/li><\/ol>\n\n\n\n<p>Wi\u0119cej informacji dot. wdro\u017conej w&nbsp;Bibliotece \u015al\u0105skiej Polityki prywatno\u015bci, a&nbsp;tak\u017ce obowi\u0105zk\u00f3w informacyjnych spe\u0142nianych wobec r\u00f3\u017cnych os\u00f3b, kt\u00f3rych&nbsp;dane s\u0105&nbsp;przetwarzane przez&nbsp;Administratora znajduj\u0105 si\u0119 na&nbsp;stronie: <a href=\"https:\/\/bs.katowice.pl\/biblioteka\/polityka-prywatnosci-odo\/\">https:\/\/bs.katowice.pl\/biblioteka\/polityka-prywatnosci-odo\/<\/a><\/p>\n","protected":false},"excerpt":{"rendered":"<p>W&nbsp;odniesieniu do&nbsp;ochrony danych osobowych, realizuj\u0105c obowi\u0105zek informacyjny, okre\u015blony w&nbsp;art. 13 Rozporz\u0105dzenia Parlamentu Europejskiego i&nbsp;Rady (UE) 2016\/679 z&nbsp;dnia 27 kwietnia 2016&nbsp;r. w&nbsp; sprawie ochrony os\u00f3b fizycznych w&nbsp;zwi\u0105zku z&nbsp;przetwarzaniem danych osobowych i&nbsp;w&nbsp;sprawie swobodnego przep\u0142ywu takich danych oraz&nbsp;uchylenia dyrektywy 95\/46\/WE, informujemy, \u017ce:&nbsp; Administratorem Pani\/Pana danych osobowych jest Biblioteka \u015al\u0105ska w&nbsp;Katowicach (plac Rady Europy 1, 40-021 Katowice), tel.&nbsp;+48 32<\/p>\n<div class=\"read-more-wrapper\"><a class=\"read-more\" href=\"https:\/\/ibr.bs.katowice.pl\/?page_id=3643\" title=\"Read More\"> <span class=\"button \">Read More<\/span><\/a><\/div>\n","protected":false},"author":2,"featured_media":0,"parent":0,"menu_order":0,"comment_status":"closed","ping_status":"closed","template":"","meta":{"footnotes":""},"class_list":["post-3643","page","type-page","status-publish","hentry"],"_links":{"self":[{"href":"https:\/\/ibr.bs.katowice.pl\/index.php?rest_route=\/wp\/v2\/pages\/3643","targetHints":{"allow":["GET"]}}],"collection":[{"href":"https:\/\/ibr.bs.katowice.pl\/index.php?rest_route=\/wp\/v2\/pages"}],"about":[{"href":"https:\/\/ibr.bs.katowice.pl\/index.php?rest_route=\/wp\/v2\/types\/page"}],"author":[{"embeddable":true,"href":"https:\/\/ibr.bs.katowice.pl\/index.php?rest_route=\/wp\/v2\/users\/2"}],"replies":[{"embeddable":true,"href":"https:\/\/ibr.bs.katowice.pl\/index.php?rest_route=%2Fwp%2Fv2%2Fcomments&post=3643"}],"version-history":[{"count":1,"href":"https:\/\/ibr.bs.katowice.pl\/index.php?rest_route=\/wp\/v2\/pages\/3643\/revisions"}],"predecessor-version":[{"id":3644,"href":"https:\/\/ibr.bs.katowice.pl\/index.php?rest_route=\/wp\/v2\/pages\/3643\/revisions\/3644"}],"wp:attachment":[{"href":"https:\/\/ibr.bs.katowice.pl\/index.php?rest_route=%2Fwp%2Fv2%2Fmedia&parent=3643"}],"curies":[{"name":"wp","href":"https:\/\/api.w.org\/{rel}","templated":true}]}}

Polityka prywatności

<p>W&nbsp;odniesieniu do&nbsp;ochrony danych osobowych, realizując obowiązek informacyjny, określony w&nbsp;art. 13 Rozporządzenia Parlamentu Europejskiego i&nbsp;Rady (UE) 2016/679 z&nbsp;dnia 27 kwietnia 2016&nbsp;r. w&nbsp; sprawie ochrony osób fizycznych w&nbsp;związku z&nbsp;przetwarzaniem danych osobowych i&nbsp;w&nbsp;sprawie swobodnego przepływu takich danych oraz&nbsp;uchylenia dyrektywy 95/46/WE, informujemy, że:&nbsp;</p>



<ol class="wp-block-list"><li>Administratorem Pani/Pana danych osobowych jest Biblioteka Śląska w&nbsp;Katowicach (plac Rady Europy 1, 40-021 Katowice), tel.&nbsp;<a href="tel:+48322083875">+48 32 208 38 75</a>, adres e-mail: <a href="mailto:bsl@bs.katowice.pl">bsl@bs.katowice.pl</a>.</li><li>Pani/Pana dane osobowe przetwarzane będą w&nbsp;związku z&nbsp;publikacją artykułów w&nbsp;czasopiśmie „Książnica Śląska”, realizacją procesu wydawniczego oraz&nbsp;komunikacją z&nbsp;autorami i&nbsp;czytelnikami. Dane osobowe będą przetwarzane na&nbsp;podstawie:<ol><li>art. 6 ust.1. lit. b) rozporządzenia RODO: w&nbsp;celu zawarcia i&nbsp;wykonania umowy związanej z&nbsp;publikacją,</li><li>art. 6 ust.1. lit. c) rozporządzenia RODO: w&nbsp;celu wypełnienia obowiązku prawnego, a&nbsp;w&nbsp;szczególności art. 4 ust. 2 ustawy z&nbsp;dnia 27 czerwca 1997&nbsp;r. o&nbsp;bibliotekach (t.j. Dz.U. z&nbsp;2019&nbsp;r. poz. 1479 z&nbsp;późn. zm.) oraz&nbsp;art. 1 ust. 1 ustawy z&nbsp;dnia 25 października 1991&nbsp;r. o&nbsp;organizowaniu i&nbsp;prowadzeniu działalności kulturalnej (t.j. Dz.&nbsp;U. z&nbsp;2020&nbsp;r. poz. 194 z&nbsp;późn. zm.),</li><li>art. 6 ust.1. lit. a) rozporządzenia RODO (dobrowolnej zgody): w&nbsp;celu komunikacji z&nbsp;autorami i&nbsp; czytelnikami. Podając swoje dane kontaktowe (np.&nbsp;e-mail, nr&nbsp;telefonu) wyraża Pan/Pani zgodę na&nbsp;przetwarzanie swoich danych osobowych w&nbsp;celach kontaktowych. Powyższa zgoda oznacza, że&nbsp;została wyrażona dobrowolnie, konkretnie, świadomie i&nbsp;stanowi jednoznaczne okazanie Pana/Pani woli.</li></ol></li><li>Podanie danych jest dobrowolne, lecz&nbsp;niezbędne do&nbsp;realizacji w/w celów. W&nbsp;przypadku niepodania danych występuje brak możliwości realizacji celów dla których&nbsp;dane zostały podane.</li><li>Pani/Pana dane osobowe nie&nbsp;podlegają zautomatyzowanemu podejmowaniu decyzji, w&nbsp;tym profilowaniu. Mogą być udostępniane podmiotom świadczącym usługi programistyczne i&nbsp; informatyczne, na&nbsp;podstawie umów powierzenia. Pani/Pana dane osobowe mogą być udostępniane także innym podmiotom przetwarzającym dane osobowe na&nbsp;zlecenie Administratora, tj.&nbsp;podmiotom zaangażowanym w&nbsp;realizację procesu wydawniczego (w&nbsp;tym autorom, recenzentom, tłumaczom, grafikom, redaktorom, fotografom, podmiotom świadczącym usługi drukarskie i&nbsp;usługi dystrybucji). Dane mogą być także udostępniane instytucjom upoważnionym z&nbsp;mocy przepisów prawa.</li><li>Przysługuje Pani/Panu prawo dostępu do&nbsp;treści danych osobowych oraz&nbsp;prawo ich sprostowania, usunięcia, ograniczenia przetwarzania, prawo do&nbsp;przenoszenia danych, prawo wniesienia sprzeciwu wobec przetwarzania, a&nbsp;także prawo do&nbsp;cofnięcia zgody w&nbsp;dowolnym momencie bez&nbsp;wpływu na&nbsp;zgodność z&nbsp;prawem przetwarzania, którego&nbsp;dokonano na&nbsp;podstawie zgody przed&nbsp;jej cofnięciem. W&nbsp; sprawach dotyczących danych osobowych należy się kontaktować z&nbsp;inspektorem ochrony danych osobowych w&nbsp;Bibliotece Śląskiej, tel.&nbsp;<a href="tel:+48322083726">+48 32 208 37 26</a>, adres e-mail: <a href="mailto:iodo@bs.katowice.pl">iodo@bs.katowice.pl</a>.</li><li>Przysługuje Pani/Panu prawo do&nbsp;wniesienia skargi do&nbsp;organu nadzorczego (Prezes Urzędu Ochrony Danych Osobowych).</li><li>Dane osobowe, których&nbsp;podstawą prawną przetwarzania jest art. 6 ust.1. lit. a) rozporządzenia RODO będą przetwarzane przez&nbsp;Bibliotekę Śląską do&nbsp;czasu cofnięcia zgody. Pozostała dokumentacja zawierająca dane osobowe przechowywana będzie przez&nbsp;okres archiwizacji zgodny z&nbsp;obowiązującymi aktami prawnymi i&nbsp;instrukcją kancelaryjną obowiązującą w&nbsp;Bibliotece Śląskiej.</li></ol>



<p>Więcej informacji dot. wdrożonej w&nbsp;Bibliotece Śląskiej Polityki prywatności, a&nbsp;także obowiązków informacyjnych spełnianych wobec różnych osób, których&nbsp;dane są&nbsp;przetwarzane przez&nbsp;Administratora znajdują się na&nbsp;stronie: <a href="https://bs.katowice.pl/biblioteka/polityka-prywatnosci-odo/">https://bs.katowice.pl/biblioteka/polityka-prywatnosci-odo/</a></p>

<p>W&nbsp;odniesieniu do&nbsp;ochrony danych osobowych, realizując obowiązek informacyjny, określony w&nbsp;art. 13 Rozporządzenia Parlamentu Europejskiego i&nbsp;Rady (UE) 2016/679 z&nbsp;dnia 27 kwietnia 2016&nbsp;r. w&nbsp; sprawie ochrony osób fizycznych w&nbsp;związku z&nbsp;przetwarzaniem danych osobowych i&nbsp;w&nbsp;sprawie swobodnego przepływu takich danych oraz&nbsp;uchylenia dyrektywy 95/46/WE, informujemy, że:&nbsp; Administratorem Pani/Pana danych osobowych jest Biblioteka Śląska w&nbsp;Katowicach (plac Rady Europy 1, 40-021 Katowice), tel.&nbsp;+48 32</p>
<div class="read-more-wrapper"><a class="read-more" href="https://ibr.bs.katowice.pl/?page_id=3643" title="Read More"> <span class="button ">Read More</span></a></div>
