{"id":3630,"date":"2023-02-13T11:52:31","date_gmt":"2023-02-13T10:52:31","guid":{"rendered":"https:\/\/ibr.bs.katowice.pl\/?page_id=3630"},"modified":"2024-09-10T12:57:45","modified_gmt":"2024-09-10T10:57:45","slug":"zasady-recenzji","status":"publish","type":"page","link":"https:\/\/ibr.bs.katowice.pl\/?page_id=3630","title":{"rendered":"Zasady recenzji"},"content":{"rendered":"\n<p>Recenzja przebiega&nbsp;zgodnie z&nbsp;zasadami obowi\u0105zuj\u0105cymi w&nbsp;czasopismach naukowych oraz&nbsp;wytycznymi Ministerstwa Nauki i&nbsp;Szkolnictwa Wy\u017cszego.<\/p>\n\n\n\n<ol class=\"wp-block-list\">\n<li>Redakcja wybiera dw\u00f3ch niezale\u017cnych recenzent\u00f3w spoza jednostki, w&nbsp;kt\u00f3rej&nbsp;afiliowany jest redaktor naczelny pisma.<\/li>\n\n\n\n<li>Recenzenci i autorzy nie znaj\u0105 swojej to\u017csamo\u015bci (system\u00a0<strong>double-blind review<\/strong>) oraz nie wyst\u0119puj\u0105 mi\u0119dzy nimi zale\u017cno\u015bci zawodowe i powi\u0105zania rodzinne.<\/li>\n\n\n\n<li>Recenzja odbywa si\u0119 w oparciu o <strong><a href=\"https:\/\/ibr.bs.katowice.pl\/wp-content\/uploads\/2024\/09\/Zaranie-Slaskie-formularz-recenzji.pdf\">formularz recenzyjny<\/a><\/strong>, kt\u00f3ry w wersji elektronicznej jest udost\u0119pniany recenzentom wraz z przes\u0142anym artyku\u0142em. Na&nbsp;tej podstawie artyku\u0142 mo\u017ce zosta\u0107 skierowany do druku, odes\u0142any do autora w celu naniesienie poprawek lub odrzucony. <\/li>\n<\/ol>\n\n\n\n<p><strong>Elementy ocena tre\u015bci:<\/strong><\/p>\n\n\n\n<ul class=\"wp-block-list\">\n<li>Czy tytu\u0142 jest w\u0142a\u015bciwie sformu\u0142owany i dobrze oddaje tre\u015b\u0107 pracy?<\/li>\n\n\n\n<li>Czy jest to oryginalna praca?<\/li>\n\n\n\n<li>Czy autor zna stan bada\u0144 na dany temat?<\/li>\n\n\n\n<li>Czy autor wykorzysta\u0142 w wystarczaj\u0105cy spos\u00f3b materia\u0142 \u017ar\u00f3d\u0142owy?<\/li>\n\n\n\n<li>Czy zastosowana metoda, interpretacje i wnioski s\u0105 poprawne?<\/li>\n<\/ul>\n\n\n\n<p><strong>Elementy oceny formy:<\/strong><\/p>\n\n\n\n<ul class=\"wp-block-list\">\n<li>Czy praca jest skonstruowana z zachowaniem logiki wywodu?<\/li>\n\n\n\n<li>Czy zosta\u0142a u\u017cyta w\u0142a\u015bciwa argumentacja?<\/li>\n\n\n\n<li>Czy tekst jest poprawny pod wzgl\u0119dem j\u0119zykowym?<\/li>\n\n\n\n<li>Czy materia\u0142 pogl\u0105dowy (np. zdj\u0119cia, tabele) jest opracowany poprawnie?<\/li>\n<\/ul>\n","protected":false},"excerpt":{"rendered":"<p>Recenzja przebiega&nbsp;zgodnie z&nbsp;zasadami obowi\u0105zuj\u0105cymi w&nbsp;czasopismach naukowych oraz&nbsp;wytycznymi Ministerstwa Nauki i&nbsp;Szkolnictwa Wy\u017cszego. Elementy ocena tre\u015bci: Elementy oceny formy:<\/p>\n<div class=\"read-more-wrapper\"><a class=\"read-more\" href=\"https:\/\/ibr.bs.katowice.pl\/?page_id=3630\" title=\"Read More\"> <span class=\"button \">Read More<\/span><\/a><\/div>\n","protected":false},"author":2,"featured_media":0,"parent":0,"menu_order":0,"comment_status":"closed","ping_status":"closed","template":"","meta":{"footnotes":""},"class_list":["post-3630","page","type-page","status-publish","hentry"],"_links":{"self":[{"href":"https:\/\/ibr.bs.katowice.pl\/index.php?rest_route=\/wp\/v2\/pages\/3630","targetHints":{"allow":["GET"]}}],"collection":[{"href":"https:\/\/ibr.bs.katowice.pl\/index.php?rest_route=\/wp\/v2\/pages"}],"about":[{"href":"https:\/\/ibr.bs.katowice.pl\/index.php?rest_route=\/wp\/v2\/types\/page"}],"author":[{"embeddable":true,"href":"https:\/\/ibr.bs.katowice.pl\/index.php?rest_route=\/wp\/v2\/users\/2"}],"replies":[{"embeddable":true,"href":"https:\/\/ibr.bs.katowice.pl\/index.php?rest_route=%2Fwp%2Fv2%2Fcomments&post=3630"}],"version-history":[{"count":6,"href":"https:\/\/ibr.bs.katowice.pl\/index.php?rest_route=\/wp\/v2\/pages\/3630\/revisions"}],"predecessor-version":[{"id":3960,"href":"https:\/\/ibr.bs.katowice.pl\/index.php?rest_route=\/wp\/v2\/pages\/3630\/revisions\/3960"}],"wp:attachment":[{"href":"https:\/\/ibr.bs.katowice.pl\/index.php?rest_route=%2Fwp%2Fv2%2Fmedia&parent=3630"}],"curies":[{"name":"wp","href":"https:\/\/api.w.org\/{rel}","templated":true}]}}