{"id":2428,"date":"2019-01-09T09:28:55","date_gmt":"2019-01-09T09:28:55","guid":{"rendered":"http:\/\/ibr.bs.katowice.pl\/?page_id=2428"},"modified":"2023-12-06T11:23:58","modified_gmt":"2023-12-06T10:23:58","slug":"o-nas","status":"publish","type":"page","link":"https:\/\/ibr.bs.katowice.pl\/?page_id=2428","title":{"rendered":"O nas"},"content":{"rendered":"<div class=\"wp-block-image\">\n<figure class=\"alignleft is-resized\"><img loading=\"lazy\" decoding=\"async\" src=\"https:\/\/ibr.bs.katowice.pl\/wp-content\/uploads\/2019\/01\/Logo-v5-1-1024x406.png\" alt=\"\" class=\"wp-image-2439\" width=\"263\" height=\"104\" srcset=\"https:\/\/ibr.bs.katowice.pl\/wp-content\/uploads\/2019\/01\/Logo-v5-1-1024x406.png 1024w, https:\/\/ibr.bs.katowice.pl\/wp-content\/uploads\/2019\/01\/Logo-v5-1-300x119.png 300w, https:\/\/ibr.bs.katowice.pl\/wp-content\/uploads\/2019\/01\/Logo-v5-1-768x305.png 768w, https:\/\/ibr.bs.katowice.pl\/wp-content\/uploads\/2019\/01\/Logo-v5-1-520x206.png 520w, https:\/\/ibr.bs.katowice.pl\/wp-content\/uploads\/2019\/01\/Logo-v5-1-740x294.png 740w\" sizes=\"auto, (max-width: 263px) 100vw, 263px\" \/><\/figure>\n<\/div>\n\n\n<p>Instytut Bada\u0144 Regionalnych Biblioteki \u015al\u0105skiej zosta\u0142  powo\u0142any decyzj\u0105 Sejmiku \u015al\u0105skiego w&nbsp;2011 roku. Swoj\u0105 dzia\u0142alno\u015b\u0107 rozpocz\u0105\u0142 od ko\u0144ca marca 2012 roku, kiedy jego kierownikiem zosta\u0142 prof.&nbsp;zw. dr&nbsp;hab. Ryszard Kaczmarek, kierownik Zak\u0142adu Archiwistyki i Historii \u015al\u0105ska na&nbsp;Wydziale Nauk Spo\u0142ecznych Uniwersytetu \u015al\u0105skiego.&nbsp; <\/p>\n\n\n\n<p><\/p>\n\n\n\n<p>Do zada\u0144&nbsp;Instytutu Bada\u0144 Regionalnych  nale\u017cy:<\/p>\n\n\n\n<ul class=\"wp-block-list\"><li>prowadzenie interdyscyplinarnej dzia\u0142alno\u015bci naukowo-badawczej na&nbsp;potrzeby regionu,<\/li><li>przygotowywanie program\u00f3w i&nbsp;materia\u0142\u00f3w na&nbsp;potrzeby edukacji regionalnej,<\/li><li>prowadzenie dzia\u0142alno\u015bci wydawniczej,<\/li><li>inicjowanie debat publicznych na&nbsp;temat bie\u017c\u0105cej sytuacji spo\u0142ecznej regionu,<\/li><li>upowszechnianie wynik\u00f3w bada\u0144 naukowych,<\/li><li>popularyzacja wiedzy o&nbsp;regionie w\u015br\u00f3d jego mieszka\u0144c\u00f3w,<\/li><li>wzmacnianie wi\u0119zi spo\u0142ecznych na&nbsp;poziomie regionalnym,<\/li><li>zwi\u0119kszenie poziomu uczestnictwa kulturalnego i&nbsp;spo\u0142ecznego mieszka\u0144c\u00f3w regionu,<\/li><li>integracja \u015brodowiska regionalnych badaczy.<\/li><\/ul>\n\n\n\n<p>Obecnie Instytutu Bada\u0144 Regionalnych prowadzi kilka projekt\u00f3w:<\/p>\n\n\n\n<ul class=\"wp-block-list\"><li>Encyklopedi\u0119 Wojew\u00f3dztwa \u015al\u0105skiego &#8222;<a href=\"https:\/\/ibrbs.pl\/index.php\/Strona_startowa\">EWo\u015a<\/a>&#8222;,<\/li><li>Platform\u0119 Edukacji Regionalnej <a href=\"http:\/\/edus.ibrbs.pl\/\">Edu\u015b<\/a>,<\/li><li>Portal GEOHIST (projekt w trakcie realizacji),<\/li><li>Portal &#8222;<a href=\"https:\/\/debaty.ibrbs.pl\/\">Debaty<\/a>&#8222;.<\/li><\/ul>\n\n\n\n<p>IBR jest organizatorem konferencji naukowych i popularnonaukowych  oraz wsp\u00f3\u0142organizatorem konkursu &#8222;<a href=\"http:\/\/slaskaolimpiada.cba.pl\/\">Olimpiada Wiedzy o G\u00f3rnym \u015al\u0105sku<\/a>&#8222;, a tak\u017ce wydawc\u0105 czasopisma &#8222;Zaranie \u015al\u0105skie. Seria Druga&#8221; i szeregu publikacji, o kt\u00f3rych mo\u017cna przeczyta\u0107 w zak\u0142adce &#8222;<a href=\"https:\/\/ibr.bs.katowice.pl\/?cat=58\">Publikacje<\/a>&#8222;.<\/p>\n","protected":false},"excerpt":{"rendered":"<p>Instytut Bada\u0144 Regionalnych Biblioteki \u015al\u0105skiej zosta\u0142 powo\u0142any decyzj\u0105 Sejmiku \u015al\u0105skiego w&nbsp;2011 roku. Swoj\u0105 dzia\u0142alno\u015b\u0107 rozpocz\u0105\u0142 od ko\u0144ca marca 2012 roku, kiedy jego kierownikiem zosta\u0142 prof.&nbsp;zw. dr&nbsp;hab. Ryszard Kaczmarek, kierownik Zak\u0142adu Archiwistyki i Historii \u015al\u0105ska na&nbsp;Wydziale Nauk Spo\u0142ecznych Uniwersytetu \u015al\u0105skiego.&nbsp; Do zada\u0144&nbsp;Instytutu Bada\u0144 Regionalnych nale\u017cy: prowadzenie interdyscyplinarnej dzia\u0142alno\u015bci naukowo-badawczej na&nbsp;potrzeby regionu, przygotowywanie program\u00f3w i&nbsp;materia\u0142\u00f3w na&nbsp;potrzeby edukacji<\/p>\n<div class=\"read-more-wrapper\"><a class=\"read-more\" href=\"https:\/\/ibr.bs.katowice.pl\/?page_id=2428\" title=\"Read More\"> <span class=\"button \">Read More<\/span><\/a><\/div>\n","protected":false},"author":2,"featured_media":0,"parent":0,"menu_order":0,"comment_status":"closed","ping_status":"closed","template":"","meta":{"footnotes":""},"class_list":["post-2428","page","type-page","status-publish","hentry"],"_links":{"self":[{"href":"https:\/\/ibr.bs.katowice.pl\/index.php?rest_route=\/wp\/v2\/pages\/2428","targetHints":{"allow":["GET"]}}],"collection":[{"href":"https:\/\/ibr.bs.katowice.pl\/index.php?rest_route=\/wp\/v2\/pages"}],"about":[{"href":"https:\/\/ibr.bs.katowice.pl\/index.php?rest_route=\/wp\/v2\/types\/page"}],"author":[{"embeddable":true,"href":"https:\/\/ibr.bs.katowice.pl\/index.php?rest_route=\/wp\/v2\/users\/2"}],"replies":[{"embeddable":true,"href":"https:\/\/ibr.bs.katowice.pl\/index.php?rest_route=%2Fwp%2Fv2%2Fcomments&post=2428"}],"version-history":[{"count":1,"href":"https:\/\/ibr.bs.katowice.pl\/index.php?rest_route=\/wp\/v2\/pages\/2428\/revisions"}],"predecessor-version":[{"id":3843,"href":"https:\/\/ibr.bs.katowice.pl\/index.php?rest_route=\/wp\/v2\/pages\/2428\/revisions\/3843"}],"wp:attachment":[{"href":"https:\/\/ibr.bs.katowice.pl\/index.php?rest_route=%2Fwp%2Fv2%2Fmedia&parent=2428"}],"curies":[{"name":"wp","href":"https:\/\/api.w.org\/{rel}","templated":true}]}}

<div class="wp-block-image">
<figure class="alignleft is-resized"><img loading="lazy" decoding="async" src="https://ibr.bs.katowice.pl/wp-content/uploads/2019/01/Logo-v5-1-1024x406.png" alt="" class="wp-image-2439" width="263" height="104" srcset="https://ibr.bs.katowice.pl/wp-content/uploads/2019/01/Logo-v5-1-1024x406.png 1024w, https://ibr.bs.katowice.pl/wp-content/uploads/2019/01/Logo-v5-1-300x119.png 300w, https://ibr.bs.katowice.pl/wp-content/uploads/2019/01/Logo-v5-1-768x305.png 768w, https://ibr.bs.katowice.pl/wp-content/uploads/2019/01/Logo-v5-1-520x206.png 520w, https://ibr.bs.katowice.pl/wp-content/uploads/2019/01/Logo-v5-1-740x294.png 740w" sizes="auto, (max-width: 263px) 100vw, 263px" /></figure>
</div>


<p>Instytut Badań Regionalnych Biblioteki Śląskiej został  powołany decyzją Sejmiku Śląskiego w&nbsp;2011 roku. Swoją działalność rozpoczął od końca marca 2012 roku, kiedy jego kierownikiem został prof.&nbsp;zw. dr&nbsp;hab. Ryszard Kaczmarek, kierownik Zakładu Archiwistyki i Historii Śląska na&nbsp;Wydziale Nauk Społecznych Uniwersytetu Śląskiego.&nbsp; </p>



<p></p>



<p>Do zadań&nbsp;Instytutu Badań Regionalnych  należy:</p>



<ul class="wp-block-list"><li>prowadzenie interdyscyplinarnej działalności naukowo-badawczej na&nbsp;potrzeby regionu,</li><li>przygotowywanie programów i&nbsp;materiałów na&nbsp;potrzeby edukacji regionalnej,</li><li>prowadzenie działalności wydawniczej,</li><li>inicjowanie debat publicznych na&nbsp;temat bieżącej sytuacji społecznej regionu,</li><li>upowszechnianie wyników badań naukowych,</li><li>popularyzacja wiedzy o&nbsp;regionie wśród jego mieszkańców,</li><li>wzmacnianie więzi społecznych na&nbsp;poziomie regionalnym,</li><li>zwiększenie poziomu uczestnictwa kulturalnego i&nbsp;społecznego mieszkańców regionu,</li><li>integracja środowiska regionalnych badaczy.</li></ul>



<p>Obecnie Instytutu Badań Regionalnych prowadzi kilka projektów:</p>



<ul class="wp-block-list"><li>Encyklopedię Województwa Śląskiego &#8222;<a href="https://ibrbs.pl/index.php/Strona_startowa">EWoŚ</a>&#8222;,</li><li>Platformę Edukacji Regionalnej <a href="http://edus.ibrbs.pl/">Eduś</a>,</li><li>Portal GEOHIST (projekt w trakcie realizacji),</li><li>Portal &#8222;<a href="https://debaty.ibrbs.pl/">Debaty</a>&#8222;.</li></ul>



<p>IBR jest organizatorem konferencji naukowych i popularnonaukowych  oraz współorganizatorem konkursu &#8222;<a href="http://slaskaolimpiada.cba.pl/">Olimpiada Wiedzy o Górnym Śląsku</a>&#8222;, a także wydawcą czasopisma &#8222;Zaranie Śląskie. Seria Druga&#8221; i szeregu publikacji, o których można przeczytać w zakładce &#8222;<a href="https://ibr.bs.katowice.pl/?cat=58">Publikacje</a>&#8222;.</p>

<p>Instytut Badań Regionalnych Biblioteki Śląskiej został powołany decyzją Sejmiku Śląskiego w&nbsp;2011 roku. Swoją działalność rozpoczął od końca marca 2012 roku, kiedy jego kierownikiem został prof.&nbsp;zw. dr&nbsp;hab. Ryszard Kaczmarek, kierownik Zakładu Archiwistyki i Historii Śląska na&nbsp;Wydziale Nauk Społecznych Uniwersytetu Śląskiego.&nbsp; Do zadań&nbsp;Instytutu Badań Regionalnych należy: prowadzenie interdyscyplinarnej działalności naukowo-badawczej na&nbsp;potrzeby regionu, przygotowywanie programów i&nbsp;materiałów na&nbsp;potrzeby edukacji</p>
<div class="read-more-wrapper"><a class="read-more" href="https://ibr.bs.katowice.pl/?page_id=2428" title="Read More"> <span class="button ">Read More</span></a></div>
