{"id":2425,"date":"2019-01-09T08:33:54","date_gmt":"2019-01-09T08:33:54","guid":{"rendered":"http:\/\/ibr.bs.katowice.pl\/?page_id=2425"},"modified":"2024-06-18T11:48:06","modified_gmt":"2024-06-18T09:48:06","slug":"rada-naukowa","status":"publish","type":"page","link":"https:\/\/ibr.bs.katowice.pl\/?page_id=2425","title":{"rendered":"Rada Naukowa"},"content":{"rendered":"\n<p>Przewodnicz\u0105cy Rady Naukowej Instytutu Bada\u0144 Regionalnych Biblioteki \u015al\u0105skiej:<\/p>\n\n\n\n<ul class=\"wp-block-list\">\n<li><strong>Prof. dr hab. Wojciech \u015awi\u0105tkiewicz<\/strong><\/li>\n<\/ul>\n\n\n\n<p>Cz\u0142onkowie Rady Naukowej Instytutu Bada\u0144 Regionalnych Biblioteki \u015al\u0105skiej: <\/p>\n\n\n\n<ul class=\"wp-block-list\">\n<li><strong>Prof. dr hab. Julian G\u0119balski<\/strong><\/li>\n<\/ul>\n\n\n\n<ul class=\"wp-block-list\">\n<li><strong>Prof. dr hab. Krystyna Kossakowska-Jarosz<\/strong><\/li>\n<\/ul>\n\n\n\n<ul class=\"wp-block-list\">\n<li><strong>Prof. dr hab. Zdzis\u0142aw Krasnod\u0119bski<\/strong><\/li>\n<\/ul>\n\n\n\n<ul class=\"wp-block-list\">\n<li><strong>Dr Andrzej Krzystyniak<\/strong><\/li>\n<\/ul>\n\n\n\n<ul class=\"wp-block-list\">\n<li><strong>Prof. dr hab. Grzegorz Kucharczyk<\/strong><\/li>\n<\/ul>\n\n\n\n<ul class=\"wp-block-list\">\n<li><strong>Doc. dr hab. Jana Raclavsk\u00e1<\/strong><\/li>\n<\/ul>\n\n\n\n<h2 class=\"wp-block-heading has-text-color has-link-color wp-elements-b727bd21852f9780f71c682d5fd98d1c\" style=\"color:#729bbe\"><strong>Rada Naukowa w latach 2020-2023<\/strong><\/h2>\n\n\n\n<p class=\"has-text-color has-link-color wp-elements-19df7d84761aa519f1977f5bc107479e\" style=\"color:#729bbe\">Przewodnicz\u0105cy Rady Naukowej Instytutu Bada\u0144 Regionalnych Biblioteki \u015al\u0105skiej:<\/p>\n\n\n\n<p class=\"has-text-color has-link-color wp-elements-da5cc1e07273631f71202fad3a40a43b\" style=\"color:#729bbe\"><strong>Prof. dr hab. Wojciech \u015awi\u0105tkiewicz<\/strong><\/p>\n\n\n\n<p class=\"has-text-color has-link-color wp-elements-a0bb6d19ce9f985876d40ddf0f532892\" style=\"color:#729bbe\">Cz\u0142onkowie Rady Naukowej Instytutu Bada\u0144 Regionalnych Biblioteki \u015al\u0105skiej:   <\/p>\n\n\n\n<p class=\"has-text-color has-link-color wp-elements-ec6ba11187242106ce5de30b5718a2f9\" style=\"color:#729bbe\"><strong>Prof.  dr hab. Julian Gembalski<\/strong><\/p>\n\n\n\n<p class=\"has-text-color has-link-color wp-elements-69becb710df206f8204d36d63ffe88ed\" style=\"color:#729bbe\"><strong>Prof.  dr hab. Roman Kalarus<\/strong><\/p>\n\n\n\n<p class=\"has-text-color has-link-color wp-elements-b90df334539e05861f20804544803f50\" style=\"color:#729bbe\"><strong>Prof. dr hab. Krystyna Kossakowska-Jarosz<\/strong><\/p>\n\n\n\n<p class=\"has-text-color has-link-color wp-elements-40ebeff5fcd812ecc00a525f2d33dd53\" style=\"color:#729bbe\"><strong>Prof. dr hab. Zdzis\u0142aw Krasnod\u0119bski<\/strong><\/p>\n\n\n\n<ul style=\"color:#729bbe\" class=\"has-text-color has-link-color wp-block-list wp-elements-b56b39756f0672d4c5e8bbada789dd77\">\n<li><\/li>\n<\/ul>\n\n\n\n<p class=\"has-text-color has-link-color wp-elements-5cf471a79bc3bde756ddd5b032b7e0b7\" style=\"color:#729bbe\"><strong>Dr Andrzej Krzystyniak<\/strong><\/p>\n\n\n\n<p class=\"has-text-color has-link-color wp-elements-6cce0a1bc14838ebce9e6faba0540e79\" style=\"color:#729bbe\"><strong>Prof. dr hab. Grzegorz Kucharczyk<\/strong><\/p>\n\n\n\n<p class=\"has-text-color has-link-color wp-elements-60a3085811238e3faa10479419c4bd5c\" style=\"color:#729bbe\"><strong>Prof. dr hab. Adam Lity\u0144ski<\/strong><\/p>\n\n\n\n<p class=\"has-text-color has-link-color wp-elements-a8af4f1d28bb48e6fac7a0b25f6a355b\" style=\"color:#729bbe\"><strong>Doc. dr hab. Jana Raclavsk\u00e1<\/strong><\/p>\n\n\n\n<ul style=\"color:#729bbe\" class=\"has-text-color has-link-color wp-block-list wp-elements-b56b39756f0672d4c5e8bbada789dd77\">\n<li><\/li>\n<\/ul>\n\n\n\n<p class=\"has-text-color has-link-color wp-elements-ee7019d250510235a1d65c330625eeda\" style=\"color:#729bbe\"><strong>Prof. dr hab. Zygmunt Wo\u017aniczka<\/strong> <strong>(zm. 2022 r.)<\/strong><\/p>\n\n\n\n<p><\/p>\n\n\n\n<h2 class=\"wp-block-heading has-text-color has-link-color wp-elements-615b737f64735c1b55e52251a0b69023\" style=\"color:#729bbe\"><strong>Rada Naukowa w latach 2014-2020<\/strong><\/h2>\n\n\n\n<p class=\"has-text-color has-link-color wp-elements-5e74db0b5ad3df19727f6c3d2720f4da\" style=\"color:#729bbe\">Przewodnicz\u0105cy Rady Naukowej Instytutu Bada\u0144 Regionalnych Biblioteki \u015al\u0105skiej: <\/p>\n\n\n\n<p class=\"has-text-color has-link-color wp-elements-6d971e84eb6cf0bad29656e78762ea59\" style=\"color:#729bbe\"><strong>Prof. dr hab. Dariusz Rott<\/strong> <\/p>\n\n\n\n<ul style=\"color:#729bbe\" class=\"has-text-color has-link-color wp-block-list wp-elements-b56b39756f0672d4c5e8bbada789dd77\">\n<li><\/li>\n<\/ul>\n\n\n\n<p class=\"has-text-color has-link-color wp-elements-a1242e55b77ed531911f29eb6dcfd5d6\" style=\"color:#729bbe\">Cz\u0142onkowie Rady Naukowej Instytutu Bada\u0144 Regionalnych Biblioteki \u015al\u0105skiej:  <\/p>\n\n\n\n<p class=\"has-text-color has-link-color wp-elements-325b5536a74c646f60b42d0797939e4b\" style=\"color:#729bbe\"><strong>Prof. dr hab. Ewa Chojecka<\/strong> <\/p>\n\n\n\n<p class=\"has-text-color has-link-color wp-elements-23817713d53a2fff51e142fb43eaa3ef\" style=\"color:#729bbe\"><strong>Prof. zw. dr hab. Andrzej Barczak (zm. 2019 r.)<\/strong><\/p>\n\n\n\n<p class=\"has-text-color has-link-color wp-elements-7aa2fba3f4e14651bff6274661a0eae9\" style=\"color:#729bbe\"><strong>Prof. zw. dr hab. Julian Gembalski<\/strong> <\/p>\n\n\n\n<p class=\"has-text-color has-link-color wp-elements-067b8bace04b2ba385afb2e7f3df2770\" style=\"color:#729bbe\"><strong>Dr hab. prof. U\u015a<\/strong> <strong> Zbigniew Kad\u0142ubek<\/strong> <\/p>\n\n\n\n<p class=\"has-text-color has-link-color wp-elements-3073bf79118ce0db5af0c552c5faf583\" style=\"color:#729bbe\"><strong>Prof. dr hab. Krystyna Kossakowska-Jarosz<\/strong> <\/p>\n\n\n\n<p class=\"has-text-color has-link-color wp-elements-879330a9c997218886dc3a0eb9d695a4\" style=\"color:#729bbe\"><strong>Doc. dr hab. Jana Raclavsk\u00e1<\/strong> <\/p>\n\n\n\n<p class=\"has-text-color has-link-color wp-elements-1a77ceb05a43709bfccc3f235a2819e8\" style=\"color:#729bbe\"><strong>Prof. zw. dr hab. Gra\u017cyna Barbara Szewczyk<\/strong> <\/p>\n\n\n\n<p class=\"has-text-color has-link-color wp-elements-e04281b23a85c012720cab66d8380600\" style=\"color:#729bbe\"><strong>Prof. zw. dr hab. Wojciech \u015awi\u0105tkiewicz<\/strong> <\/p>\n\n\n\n<p class=\"has-text-color has-link-color wp-elements-b9d30a3bab14923e5697d20e8454051c\" style=\"color:#729bbe\"><strong>Prof. dr hab. In\u017c. Marek Gzik<\/strong> <\/p>\n\n\n\n<h2 class=\"wp-block-heading has-text-color has-link-color wp-elements-0fe938633d4525fd0cda1511a15a4230\" style=\"color:#729bbe\"><strong>Rada Naukowa w latach 2011-2014<\/strong><\/h2>\n\n\n\n<p class=\"has-text-color has-link-color wp-elements-2b3185c276d4ba6d661ca5d34b289b76\" style=\"color:#729bbe\">Przewodnicz\u0105cy Rady Naukowej Instytutu Bada\u0144 Regionalnych Biblioteki \u015al\u0105skiej:  <\/p>\n\n\n\n<p class=\"has-text-color has-link-color wp-elements-6d971e84eb6cf0bad29656e78762ea59\" style=\"color:#729bbe\"><strong>Prof. dr hab. Dariusz Rott<\/strong> <\/p>\n\n\n\n<p class=\"has-text-color has-link-color wp-elements-a0bb6d19ce9f985876d40ddf0f532892\" style=\"color:#729bbe\">Cz\u0142onkowie Rady Naukowej Instytutu Bada\u0144 Regionalnych Biblioteki \u015al\u0105skiej:   <\/p>\n\n\n\n<p class=\"has-text-color has-link-color wp-elements-644200ea73b4e044b41eb25f6a29805c\" style=\"color:#729bbe\"><strong>Prof. zw. dr hab. Andrzej Barczak<\/strong><\/p>\n\n\n\n<p class=\"has-text-color has-link-color wp-elements-605ce946bf0a20041b00e728719a751d\" style=\"color:#729bbe\"><strong>Prof. dr hab. Krzysztof Bili\u0144ski<\/strong><\/p>\n\n\n\n<p class=\"has-text-color has-link-color wp-elements-73b0b95034ec609cda07a201c41ca88f\" style=\"color:#729bbe\"><strong>Prof. zw. dr hab. Ewa Chojecka&nbsp;<\/strong><\/p>\n\n\n\n<p class=\"has-text-color has-link-color wp-elements-42ccb7100e2903c79d31d66d56c5fa1a\" style=\"color:#729bbe\"><strong>Prof. zw. dr hab. Julian Gembalski<\/strong><\/p>\n\n\n\n<p class=\"has-text-color has-link-color wp-elements-f48c87301e2e06b4e43e4241b892cd5c\" style=\"color:#729bbe\"><strong>\ufeffProf. dr hab. Krystyna Kossakowska-Jarosz&nbsp;<\/strong><\/p>\n\n\n\n<p class=\"has-text-color has-link-color wp-elements-aa0197bf380cf2aec53bf4b03b3a0547\" style=\"color:#729bbe\"><strong>\ufeffDr Andrzej Krzystyniak&nbsp;<\/strong><\/p>\n\n\n\n<p class=\"has-text-color has-link-color wp-elements-9ca06a1fc072570b48dbcf91efb7609d\" style=\"color:#729bbe\"><strong>Doc. dr hab. Jana Raclavsk\u00e1&nbsp;\ufeff<\/strong><\/p>\n\n\n\n<p class=\"has-text-color has-link-color wp-elements-56299d2f776a9f3f2b641b891642c679\" style=\"color:#729bbe\"><strong>Prof. zw. dr hab. Gra\u017cyna Barbara Szewczyk&nbsp;<\/strong><\/p>\n\n\n\n<p class=\"has-text-color has-link-color wp-elements-63026f60236800e28b63db9af113697f\" style=\"color:#729bbe\"><strong>Prof. zw. dr hab. Wojciech \u015awi\u0105tkiewicz&nbsp;<\/strong><\/p>\n","protected":false},"excerpt":{"rendered":"<p>Przewodnicz\u0105cy Rady Naukowej Instytutu Bada\u0144 Regionalnych Biblioteki \u015al\u0105skiej: Cz\u0142onkowie Rady Naukowej Instytutu Bada\u0144 Regionalnych Biblioteki \u015al\u0105skiej: Rada Naukowa w latach 2020-2023 Przewodnicz\u0105cy Rady Naukowej Instytutu Bada\u0144 Regionalnych Biblioteki \u015al\u0105skiej: Prof. dr hab. Wojciech \u015awi\u0105tkiewicz Cz\u0142onkowie Rady Naukowej Instytutu Bada\u0144 Regionalnych Biblioteki \u015al\u0105skiej: Prof. dr hab. Julian Gembalski Prof. dr hab. Roman Kalarus Prof. dr hab.<\/p>\n<div class=\"read-more-wrapper\"><a class=\"read-more\" href=\"https:\/\/ibr.bs.katowice.pl\/?page_id=2425\" title=\"Read More\"> <span class=\"button \">Read More<\/span><\/a><\/div>\n","protected":false},"author":2,"featured_media":0,"parent":0,"menu_order":0,"comment_status":"closed","ping_status":"closed","template":"","meta":{"footnotes":""},"class_list":["post-2425","page","type-page","status-publish","hentry"],"_links":{"self":[{"href":"https:\/\/ibr.bs.katowice.pl\/index.php?rest_route=\/wp\/v2\/pages\/2425","targetHints":{"allow":["GET"]}}],"collection":[{"href":"https:\/\/ibr.bs.katowice.pl\/index.php?rest_route=\/wp\/v2\/pages"}],"about":[{"href":"https:\/\/ibr.bs.katowice.pl\/index.php?rest_route=\/wp\/v2\/types\/page"}],"author":[{"embeddable":true,"href":"https:\/\/ibr.bs.katowice.pl\/index.php?rest_route=\/wp\/v2\/users\/2"}],"replies":[{"embeddable":true,"href":"https:\/\/ibr.bs.katowice.pl\/index.php?rest_route=%2Fwp%2Fv2%2Fcomments&post=2425"}],"version-history":[{"count":12,"href":"https:\/\/ibr.bs.katowice.pl\/index.php?rest_route=\/wp\/v2\/pages\/2425\/revisions"}],"predecessor-version":[{"id":3945,"href":"https:\/\/ibr.bs.katowice.pl\/index.php?rest_route=\/wp\/v2\/pages\/2425\/revisions\/3945"}],"wp:attachment":[{"href":"https:\/\/ibr.bs.katowice.pl\/index.php?rest_route=%2Fwp%2Fv2%2Fmedia&parent=2425"}],"curies":[{"name":"wp","href":"https:\/\/api.w.org\/{rel}","templated":true}]}}