{"id":1968,"date":"2017-06-19T11:39:08","date_gmt":"2017-06-19T11:39:08","guid":{"rendered":"http:\/\/ibr.bs.katowice.pl\/?page_id=1968"},"modified":"2017-06-20T09:16:27","modified_gmt":"2017-06-20T09:16:27","slug":"grudzien","status":"publish","type":"page","link":"https:\/\/ibr.bs.katowice.pl\/?page_id=1968","title":{"rendered":"Grudzie\u0144"},"content":{"rendered":"<p>Kalendarium prezentuje wybrane wydarzenia i b\u0119dzie sukcesywnie uzupe\u0142niane.<\/p>\n<p>&nbsp;<\/p>\n<table width=\"0\">\n<tbody>\n<tr>\n<td width=\"72\">Dzie\u0144<\/td>\n<td width=\"447\">Wydarzenie<\/td>\n<td width=\"72\">Rok<\/td>\n<\/tr>\n<tr>\n<td width=\"72\">1<\/td>\n<td width=\"447\">&nbsp;<\/td>\n<td width=\"72\">&nbsp;<\/td>\n<\/tr>\n<tr>\n<td width=\"72\">2<\/td>\n<td width=\"447\">&nbsp;<\/td>\n<td width=\"72\">&nbsp;<\/td>\n<\/tr>\n<tr>\n<td width=\"72\">3<\/td>\n<td width=\"447\">&nbsp;<\/td>\n<td width=\"72\">&nbsp;<\/td>\n<\/tr>\n<tr>\n<td rowspan=\"3\" width=\"72\">4<\/td>\n<td width=\"447\">Urodzi\u0142 si\u0119 Franciszek Miko\u0142aj Lazar<\/td>\n<td width=\"72\">1881<\/td>\n<\/tr>\n<tr>\n<td width=\"447\">Rozg\u0142o\u015bnia Polskiego Radia w Katowicach nada\u0142a sw\u00f3j pierwszy program<\/td>\n<td width=\"72\">1927<\/td>\n<\/tr>\n<tr>\n<td width=\"447\">Oddano do u\u017cytku Pa\u0142ac M\u0142odzie\u017cy<\/td>\n<td width=\"72\">1951<\/td>\n<\/tr>\n<tr>\n<td rowspan=\"2\" width=\"72\">5<\/td>\n<td width=\"447\">Ponownie powo\u0142ano Polska Organizacj\u0119 Wojskow\u0105 na G\u00f3rnym \u015al\u0105sku<\/td>\n<td width=\"72\">1919<\/td>\n<\/tr>\n<tr>\n<td width=\"447\">W Katowicach zmar\u0142 J\u00f3zef Rymer<\/td>\n<td width=\"72\">1922<\/td>\n<\/tr>\n<tr>\n<td width=\"72\">6<\/td>\n<td width=\"447\">Ukaza\u0142 si\u0119 pierwszy pr\u00f3bny numer ,,G\u00f3rno\u015bl\u0105zaka&#8221; redagowany przed Wojciecha Korfantego<\/td>\n<td width=\"72\">1901<\/td>\n<\/tr>\n<tr>\n<td width=\"72\">7<\/td>\n<td width=\"447\">&nbsp;<\/td>\n<td width=\"72\">&nbsp;<\/td>\n<\/tr>\n<tr>\n<td width=\"72\">8<\/td>\n<td width=\"447\">Rudolf He\u00df otwar\u0142 w Gliwicach &#8222;Kana\u0142 Adolfa Hitlera&#8221; \u0142\u0105cz\u0105cy Odr\u0119 z g\u00f3rno\u015bl\u0105skim okr\u0119giem przemys\u0142owym<\/td>\n<td width=\"72\">1939<\/td>\n<\/tr>\n<tr>\n<td width=\"72\">9<\/td>\n<td width=\"447\">&nbsp;<\/td>\n<td width=\"72\">&nbsp;<\/td>\n<\/tr>\n<tr>\n<td width=\"72\">10<\/td>\n<td width=\"447\">W Bytomiu otwarto polski uniwersytet ludowy<\/td>\n<td width=\"72\">1932<\/td>\n<\/tr>\n<tr>\n<td width=\"72\">11<\/td>\n<td width=\"447\">Zmar\u0142 Jan Kupiec<\/td>\n<td width=\"72\">1909<\/td>\n<\/tr>\n<tr>\n<td width=\"72\">12<\/td>\n<td width=\"447\">&nbsp;<\/td>\n<td width=\"72\">&nbsp;<\/td>\n<\/tr>\n<tr>\n<td width=\"72\">13<\/td>\n<td width=\"447\">&nbsp;<\/td>\n<td width=\"72\">&nbsp;<\/td>\n<\/tr>\n<tr>\n<td width=\"72\">14<\/td>\n<td width=\"447\">&nbsp;<\/td>\n<td width=\"72\">&nbsp;<\/td>\n<\/tr>\n<tr>\n<td width=\"72\">15<\/td>\n<td width=\"447\">&nbsp;<\/td>\n<td width=\"72\">&nbsp;<\/td>\n<\/tr>\n<tr>\n<td width=\"72\">16<\/td>\n<td width=\"447\">&nbsp;<\/td>\n<td width=\"72\">&nbsp;<\/td>\n<\/tr>\n<tr>\n<td width=\"72\">17<\/td>\n<td width=\"447\">&nbsp;<\/td>\n<td width=\"72\">&nbsp;<\/td>\n<\/tr>\n<tr>\n<td width=\"72\">18<\/td>\n<td width=\"447\">&nbsp;<\/td>\n<td width=\"72\">&nbsp;<\/td>\n<\/tr>\n<tr>\n<td width=\"72\">19<\/td>\n<td width=\"447\">&nbsp;<\/td>\n<td width=\"72\">&nbsp;<\/td>\n<\/tr>\n<tr>\n<td width=\"72\">20<\/td>\n<td width=\"447\">&nbsp;<\/td>\n<td width=\"72\">&nbsp;<\/td>\n<\/tr>\n<tr>\n<td width=\"72\">21<\/td>\n<td width=\"447\">&nbsp;<\/td>\n<td width=\"72\">&nbsp;<\/td>\n<\/tr>\n<tr>\n<td width=\"72\">22<\/td>\n<td width=\"447\">&nbsp;<\/td>\n<td width=\"72\">&nbsp;<\/td>\n<\/tr>\n<tr>\n<td width=\"72\">23<\/td>\n<td width=\"447\">&nbsp;<\/td>\n<td width=\"72\">&nbsp;<\/td>\n<\/tr>\n<tr>\n<td width=\"72\">24<\/td>\n<td width=\"447\">&nbsp;<\/td>\n<td width=\"72\">&nbsp;<\/td>\n<\/tr>\n<tr>\n<td width=\"72\">25<\/td>\n<td width=\"447\">&nbsp;<\/td>\n<td width=\"72\">&nbsp;<\/td>\n<\/tr>\n<tr>\n<td width=\"72\">26<\/td>\n<td width=\"447\">&nbsp;<\/td>\n<td width=\"72\">&nbsp;<\/td>\n<\/tr>\n<tr>\n<td width=\"72\">27<\/td>\n<td width=\"447\">&nbsp;<\/td>\n<td width=\"72\">&nbsp;<\/td>\n<\/tr>\n<tr>\n<td width=\"72\">28<\/td>\n<td width=\"447\">Zmar\u0142 prof. Kazimierz Popio\u0142ek<\/td>\n<td width=\"72\">1986<\/td>\n<\/tr>\n<tr>\n<td width=\"72\">29<\/td>\n<td width=\"447\">&nbsp;<\/td>\n<td width=\"72\">&nbsp;<\/td>\n<\/tr>\n<tr>\n<td width=\"72\">30<\/td>\n<td width=\"447\">&nbsp;<\/td>\n<td width=\"72\">&nbsp;<\/td>\n<\/tr>\n<tr>\n<td width=\"72\">31<\/td>\n<td width=\"447\">Urodzi\u0142 si\u0119 ks. Karol My\u015bliwiec<\/td>\n<td width=\"72\">1866<\/td>\n<\/tr>\n<\/tbody>\n<\/table>\n","protected":false},"excerpt":{"rendered":"<p>Kalendarium prezentuje wybrane wydarzenia i b\u0119dzie sukcesywnie uzupe\u0142niane. &nbsp; Dzie\u0144 Wydarzenie Rok 1 &nbsp; &nbsp; 2 &nbsp; &nbsp; 3 &nbsp; &nbsp; 4 Urodzi\u0142 si\u0119 Franciszek Miko\u0142aj Lazar 1881 Rozg\u0142o\u015bnia Polskiego Radia w Katowicach nada\u0142a sw\u00f3j pierwszy program 1927 Oddano do u\u017cytku Pa\u0142ac M\u0142odzie\u017cy 1951 5 Ponownie powo\u0142ano Polska Organizacj\u0119 Wojskow\u0105 na G\u00f3rnym \u015al\u0105sku 1919 W<\/p>\n<div class=\"read-more-wrapper\"><a class=\"read-more\" href=\"https:\/\/ibr.bs.katowice.pl\/?page_id=1968\" title=\"Read More\"> <span class=\"button \">Read More<\/span><\/a><\/div>\n","protected":false},"author":2,"featured_media":0,"parent":1943,"menu_order":0,"comment_status":"closed","ping_status":"closed","template":"","meta":{"footnotes":""},"class_list":["post-1968","page","type-page","status-publish","hentry"],"_links":{"self":[{"href":"https:\/\/ibr.bs.katowice.pl\/index.php?rest_route=\/wp\/v2\/pages\/1968","targetHints":{"allow":["GET"]}}],"collection":[{"href":"https:\/\/ibr.bs.katowice.pl\/index.php?rest_route=\/wp\/v2\/pages"}],"about":[{"href":"https:\/\/ibr.bs.katowice.pl\/index.php?rest_route=\/wp\/v2\/types\/page"}],"author":[{"embeddable":true,"href":"https:\/\/ibr.bs.katowice.pl\/index.php?rest_route=\/wp\/v2\/users\/2"}],"replies":[{"embeddable":true,"href":"https:\/\/ibr.bs.katowice.pl\/index.php?rest_route=%2Fwp%2Fv2%2Fcomments&post=1968"}],"version-history":[{"count":0,"href":"https:\/\/ibr.bs.katowice.pl\/index.php?rest_route=\/wp\/v2\/pages\/1968\/revisions"}],"up":[{"embeddable":true,"href":"https:\/\/ibr.bs.katowice.pl\/index.php?rest_route=\/wp\/v2\/pages\/1943"}],"wp:attachment":[{"href":"https:\/\/ibr.bs.katowice.pl\/index.php?rest_route=%2Fwp%2Fv2%2Fmedia&parent=1968"}],"curies":[{"name":"wp","href":"https:\/\/api.w.org\/{rel}","templated":true}]}}

Grudzień

<p>Kalendarium prezentuje wybrane wydarzenia i będzie sukcesywnie uzupełniane.</p>
<p>&nbsp;</p>
<table width="0">
<tbody>
<tr>
<td width="72">Dzień</td>
<td width="447">Wydarzenie</td>
<td width="72">Rok</td>
</tr>
<tr>
<td width="72">1</td>
<td width="447">&nbsp;</td>
<td width="72">&nbsp;</td>
</tr>
<tr>
<td width="72">2</td>
<td width="447">&nbsp;</td>
<td width="72">&nbsp;</td>
</tr>
<tr>
<td width="72">3</td>
<td width="447">&nbsp;</td>
<td width="72">&nbsp;</td>
</tr>
<tr>
<td rowspan="3" width="72">4</td>
<td width="447">Urodził się Franciszek Mikołaj Lazar</td>
<td width="72">1881</td>
</tr>
<tr>
<td width="447">Rozgłośnia Polskiego Radia w Katowicach nadała swój pierwszy program</td>
<td width="72">1927</td>
</tr>
<tr>
<td width="447">Oddano do użytku Pałac Młodzieży</td>
<td width="72">1951</td>
</tr>
<tr>
<td rowspan="2" width="72">5</td>
<td width="447">Ponownie powołano Polska Organizację Wojskową na Górnym Śląsku</td>
<td width="72">1919</td>
</tr>
<tr>
<td width="447">W Katowicach zmarł Józef Rymer</td>
<td width="72">1922</td>
</tr>
<tr>
<td width="72">6</td>
<td width="447">Ukazał się pierwszy próbny numer ,,Górnoślązaka&#8221; redagowany przed Wojciecha Korfantego</td>
<td width="72">1901</td>
</tr>
<tr>
<td width="72">7</td>
<td width="447">&nbsp;</td>
<td width="72">&nbsp;</td>
</tr>
<tr>
<td width="72">8</td>
<td width="447">Rudolf Heß otwarł w Gliwicach &#8222;Kanał Adolfa Hitlera&#8221; łączący Odrę z górnośląskim okręgiem przemysłowym</td>
<td width="72">1939</td>
</tr>
<tr>
<td width="72">9</td>
<td width="447">&nbsp;</td>
<td width="72">&nbsp;</td>
</tr>
<tr>
<td width="72">10</td>
<td width="447">W Bytomiu otwarto polski uniwersytet ludowy</td>
<td width="72">1932</td>
</tr>
<tr>
<td width="72">11</td>
<td width="447">Zmarł Jan Kupiec</td>
<td width="72">1909</td>
</tr>
<tr>
<td width="72">12</td>
<td width="447">&nbsp;</td>
<td width="72">&nbsp;</td>
</tr>
<tr>
<td width="72">13</td>
<td width="447">&nbsp;</td>
<td width="72">&nbsp;</td>
</tr>
<tr>
<td width="72">14</td>
<td width="447">&nbsp;</td>
<td width="72">&nbsp;</td>
</tr>
<tr>
<td width="72">15</td>
<td width="447">&nbsp;</td>
<td width="72">&nbsp;</td>
</tr>
<tr>
<td width="72">16</td>
<td width="447">&nbsp;</td>
<td width="72">&nbsp;</td>
</tr>
<tr>
<td width="72">17</td>
<td width="447">&nbsp;</td>
<td width="72">&nbsp;</td>
</tr>
<tr>
<td width="72">18</td>
<td width="447">&nbsp;</td>
<td width="72">&nbsp;</td>
</tr>
<tr>
<td width="72">19</td>
<td width="447">&nbsp;</td>
<td width="72">&nbsp;</td>
</tr>
<tr>
<td width="72">20</td>
<td width="447">&nbsp;</td>
<td width="72">&nbsp;</td>
</tr>
<tr>
<td width="72">21</td>
<td width="447">&nbsp;</td>
<td width="72">&nbsp;</td>
</tr>
<tr>
<td width="72">22</td>
<td width="447">&nbsp;</td>
<td width="72">&nbsp;</td>
</tr>
<tr>
<td width="72">23</td>
<td width="447">&nbsp;</td>
<td width="72">&nbsp;</td>
</tr>
<tr>
<td width="72">24</td>
<td width="447">&nbsp;</td>
<td width="72">&nbsp;</td>
</tr>
<tr>
<td width="72">25</td>
<td width="447">&nbsp;</td>
<td width="72">&nbsp;</td>
</tr>
<tr>
<td width="72">26</td>
<td width="447">&nbsp;</td>
<td width="72">&nbsp;</td>
</tr>
<tr>
<td width="72">27</td>
<td width="447">&nbsp;</td>
<td width="72">&nbsp;</td>
</tr>
<tr>
<td width="72">28</td>
<td width="447">Zmarł prof. Kazimierz Popiołek</td>
<td width="72">1986</td>
</tr>
<tr>
<td width="72">29</td>
<td width="447">&nbsp;</td>
<td width="72">&nbsp;</td>
</tr>
<tr>
<td width="72">30</td>
<td width="447">&nbsp;</td>
<td width="72">&nbsp;</td>
</tr>
<tr>
<td width="72">31</td>
<td width="447">Urodził się ks. Karol Myśliwiec</td>
<td width="72">1866</td>
</tr>
</tbody>
</table>

<p>Kalendarium prezentuje wybrane wydarzenia i będzie sukcesywnie uzupełniane. &nbsp; Dzień Wydarzenie Rok 1 &nbsp; &nbsp; 2 &nbsp; &nbsp; 3 &nbsp; &nbsp; 4 Urodził się Franciszek Mikołaj Lazar 1881 Rozgłośnia Polskiego Radia w Katowicach nadała swój pierwszy program 1927 Oddano do użytku Pałac Młodzieży 1951 5 Ponownie powołano Polska Organizację Wojskową na Górnym Śląsku 1919 W</p>
<div class="read-more-wrapper"><a class="read-more" href="https://ibr.bs.katowice.pl/?page_id=1968" title="Read More"> <span class="button ">Read More</span></a></div>
