{"id":1966,"date":"2017-06-19T11:38:58","date_gmt":"2017-06-19T11:38:58","guid":{"rendered":"http:\/\/ibr.bs.katowice.pl\/?page_id=1966"},"modified":"2017-06-20T09:20:42","modified_gmt":"2017-06-20T09:20:42","slug":"listopad","status":"publish","type":"page","link":"https:\/\/ibr.bs.katowice.pl\/?page_id=1966","title":{"rendered":"Listopad"},"content":{"rendered":"<p>Kalendarium prezentuje wybrane wydarzenia i b\u0119dzie sukcesywnie uzupe\u0142niane.<\/p>\n<p>&nbsp;<\/p>\n<table width=\"0\">\n<tbody>\n<tr>\n<td width=\"72\">Dzie\u0144<\/td>\n<td width=\"437\">Wydarzenie<\/td>\n<td width=\"72\">Rok<\/td>\n<\/tr>\n<tr>\n<td width=\"72\">1<\/td>\n<td width=\"437\">&nbsp;<\/td>\n<td width=\"72\">&nbsp;<\/td>\n<\/tr>\n<tr>\n<td width=\"72\">2<\/td>\n<td width=\"437\">&nbsp;<\/td>\n<td width=\"72\">&nbsp;<\/td>\n<\/tr>\n<tr>\n<td width=\"72\">3<\/td>\n<td width=\"437\">&nbsp;<\/td>\n<td width=\"72\">&nbsp;<\/td>\n<\/tr>\n<tr>\n<td width=\"72\">4<\/td>\n<td width=\"437\">Kr\u00f3l pruski Fryderyk II wyda\u0142 edykt, na mocy kt\u00f3rego nauczycielami na \u015al\u0105sku mog\u0142y zosta\u0107 jedynie te osoby, kt\u00f3re zna\u0142y j\u0119zyk niemiecki<\/td>\n<td width=\"72\">1751<\/td>\n<\/tr>\n<tr>\n<td rowspan=\"2\" width=\"72\">5<\/td>\n<td width=\"437\">W Berlinie podpisano polsko-niemieck\u0105 deklaracj\u0119 o mniejszo\u015bciach narodowych<\/td>\n<td width=\"72\">1937<\/td>\n<\/tr>\n<tr>\n<td width=\"437\">Okupant hitlerowski rozpocz\u0105\u0142 akcj\u0119 wysiedlania Polak\u00f3w z G\u00f3rnego \u015al\u0105ska<\/td>\n<td width=\"72\">1939<\/td>\n<\/tr>\n<tr>\n<td width=\"72\">6<\/td>\n<td width=\"437\">Zamordowano dyrektora Biura Sejmu \u015al\u0105skiego Teodora Glenska<\/td>\n<td width=\"72\">1901<\/td>\n<\/tr>\n<tr>\n<td width=\"72\">7<\/td>\n<td width=\"437\">Utworzono Komunistyczn\u0105 Parti\u0119 G\u00f3rnego \u015al\u0105ska<\/td>\n<td width=\"72\">1920<\/td>\n<\/tr>\n<tr>\n<td width=\"72\">8<\/td>\n<td width=\"437\">W Bytomiu otwarto pierwsze na terenie Niemiec Prywatne Gimnazjum Polskie<\/td>\n<td width=\"72\">1932<\/td>\n<\/tr>\n<tr>\n<td width=\"72\">9<\/td>\n<td width=\"437\">Zmar\u0142 ostatni g\u00f3rno\u015bl\u0105ski Piast, ksi\u0105\u017c\u0119 cieszy\u0144ski Fryderyk Wilhelm<\/td>\n<td width=\"72\">1625<\/td>\n<\/tr>\n<tr>\n<td width=\"72\">10<\/td>\n<td width=\"437\">Zacz\u0119\u0142a pracowa\u0107 huta w Gliwicach<\/td>\n<td width=\"72\">1796<\/td>\n<\/tr>\n<tr>\n<td width=\"72\">11<\/td>\n<td width=\"437\">Zmar\u0142 Kazimierz Skiba<\/td>\n<td width=\"72\">1890<\/td>\n<\/tr>\n<tr>\n<td width=\"72\">12<\/td>\n<td width=\"437\">&nbsp;<\/td>\n<td width=\"72\">&nbsp;<\/td>\n<\/tr>\n<tr>\n<td width=\"72\">13<\/td>\n<td width=\"437\">Zmar\u0142 Pawe\u0142 Stalmach<\/td>\n<td width=\"72\">1891<\/td>\n<\/tr>\n<tr>\n<td width=\"72\">14<\/td>\n<td width=\"437\">&nbsp;<\/td>\n<td width=\"72\">&nbsp;<\/td>\n<\/tr>\n<tr>\n<td width=\"72\">15<\/td>\n<td width=\"437\">&nbsp;<\/td>\n<td width=\"72\">&nbsp;<\/td>\n<\/tr>\n<tr>\n<td width=\"72\">16<\/td>\n<td width=\"437\">&nbsp;<\/td>\n<td width=\"72\">&nbsp;<\/td>\n<\/tr>\n<tr>\n<td width=\"72\">17<\/td>\n<td width=\"437\">Zmar\u0142 Augustyn Ko\u015bny<\/td>\n<td width=\"72\">1896<\/td>\n<\/tr>\n<tr>\n<td width=\"72\">18<\/td>\n<td width=\"437\">&nbsp;<\/td>\n<td width=\"72\">&nbsp;<\/td>\n<\/tr>\n<tr>\n<td width=\"72\">19<\/td>\n<td width=\"437\">Zmar\u0142 ks. Jan Kudera<\/td>\n<td width=\"72\">1943<\/td>\n<\/tr>\n<tr>\n<td width=\"72\">20<\/td>\n<td width=\"437\">&nbsp;<\/td>\n<td width=\"72\">&nbsp;<\/td>\n<\/tr>\n<tr>\n<td width=\"72\">21<\/td>\n<td width=\"437\">Zmar\u0142 Jerzy Wilhelm, ostatni Piast \u015bl\u0105ski, ksi\u0105\u017c\u0119 brzesko-legnicki<\/td>\n<td width=\"72\">1675<\/td>\n<\/tr>\n<tr>\n<td width=\"72\">22<\/td>\n<td width=\"437\">&nbsp;<\/td>\n<td width=\"72\">&nbsp;<\/td>\n<\/tr>\n<tr>\n<td width=\"72\">23<\/td>\n<td width=\"437\">&nbsp;<\/td>\n<td width=\"72\">&nbsp;<\/td>\n<\/tr>\n<tr>\n<td width=\"72\">24<\/td>\n<td width=\"437\">&nbsp;<\/td>\n<td width=\"72\">&nbsp;<\/td>\n<\/tr>\n<tr>\n<td width=\"72\">25<\/td>\n<td width=\"437\">&nbsp;<\/td>\n<td width=\"72\">&nbsp;<\/td>\n<\/tr>\n<tr>\n<td width=\"72\">26<\/td>\n<td width=\"437\">Zmar\u0142 Joseph von Eichendorff<\/td>\n<td width=\"72\">1857<\/td>\n<\/tr>\n<tr>\n<td rowspan=\"2\" width=\"72\">27<\/td>\n<td width=\"437\">Zmar\u0142 Jan Brzoza<\/td>\n<td width=\"72\">1971<\/td>\n<\/tr>\n<tr>\n<td width=\"437\">Zmar\u0142 Franciszek Dworok<\/td>\n<td width=\"72\">1941<\/td>\n<\/tr>\n<tr>\n<td width=\"72\">28<\/td>\n<td width=\"437\">&nbsp;<\/td>\n<td width=\"72\">&nbsp;<\/td>\n<\/tr>\n<tr>\n<td width=\"72\">29<\/td>\n<td width=\"437\">&nbsp;<\/td>\n<td width=\"72\">&nbsp;<\/td>\n<\/tr>\n<tr>\n<td width=\"72\">30<\/td>\n<td width=\"437\">&nbsp;<\/td>\n<td width=\"72\">&nbsp;<\/td>\n<\/tr>\n<\/tbody>\n<\/table>\n","protected":false},"excerpt":{"rendered":"<p>Kalendarium prezentuje wybrane wydarzenia i b\u0119dzie sukcesywnie uzupe\u0142niane. &nbsp; Dzie\u0144 Wydarzenie Rok 1 &nbsp; &nbsp; 2 &nbsp; &nbsp; 3 &nbsp; &nbsp; 4 Kr\u00f3l pruski Fryderyk II wyda\u0142 edykt, na mocy kt\u00f3rego nauczycielami na \u015al\u0105sku mog\u0142y zosta\u0107 jedynie te osoby, kt\u00f3re zna\u0142y j\u0119zyk niemiecki 1751 5 W Berlinie podpisano polsko-niemieck\u0105 deklaracj\u0119 o mniejszo\u015bciach narodowych 1937 Okupant<\/p>\n<div class=\"read-more-wrapper\"><a class=\"read-more\" href=\"https:\/\/ibr.bs.katowice.pl\/?page_id=1966\" title=\"Read More\"> <span class=\"button \">Read More<\/span><\/a><\/div>\n","protected":false},"author":2,"featured_media":0,"parent":1943,"menu_order":0,"comment_status":"closed","ping_status":"closed","template":"","meta":{"footnotes":""},"class_list":["post-1966","page","type-page","status-publish","hentry"],"_links":{"self":[{"href":"https:\/\/ibr.bs.katowice.pl\/index.php?rest_route=\/wp\/v2\/pages\/1966","targetHints":{"allow":["GET"]}}],"collection":[{"href":"https:\/\/ibr.bs.katowice.pl\/index.php?rest_route=\/wp\/v2\/pages"}],"about":[{"href":"https:\/\/ibr.bs.katowice.pl\/index.php?rest_route=\/wp\/v2\/types\/page"}],"author":[{"embeddable":true,"href":"https:\/\/ibr.bs.katowice.pl\/index.php?rest_route=\/wp\/v2\/users\/2"}],"replies":[{"embeddable":true,"href":"https:\/\/ibr.bs.katowice.pl\/index.php?rest_route=%2Fwp%2Fv2%2Fcomments&post=1966"}],"version-history":[{"count":0,"href":"https:\/\/ibr.bs.katowice.pl\/index.php?rest_route=\/wp\/v2\/pages\/1966\/revisions"}],"up":[{"embeddable":true,"href":"https:\/\/ibr.bs.katowice.pl\/index.php?rest_route=\/wp\/v2\/pages\/1943"}],"wp:attachment":[{"href":"https:\/\/ibr.bs.katowice.pl\/index.php?rest_route=%2Fwp%2Fv2%2Fmedia&parent=1966"}],"curies":[{"name":"wp","href":"https:\/\/api.w.org\/{rel}","templated":true}]}}