{"id":379,"date":"2012-06-26T12:19:54","date_gmt":"2012-06-26T12:19:54","guid":{"rendered":"https:\/\/ibr.bs.katowice.pl\/wp-content\/uploads\/2012\/06\/Obraz-140.jpg"},"modified":"2012-06-26T12:19:54","modified_gmt":"2012-06-26T12:19:54","slug":"obraz-140-2","status":"inherit","type":"attachment","link":"https:\/\/ibr.bs.katowice.pl\/?attachment_id=379","title":{"rendered":"Uroczysta sesja Sejmiku \u015al\u0105skiego z okazji 90. rocznicy przy\u0142\u0105czenia G\u00f3rnego \u015al\u0105ska do Polski"},"author":2,"featured_media":0,"comment_status":"closed","ping_status":"open","template":"","meta":[],"class_list":["post-379","attachment","type-attachment","status-inherit","hentry"],"description":{"rendered":"<p class=\"attachment\"><a class=\"swipebox\" href='https:\/\/ibr.bs.katowice.pl\/wp-content\/uploads\/2012\/06\/Obraz-140.jpg'><img loading=\"lazy\" decoding=\"async\" width=\"300\" height=\"199\" src=\"https:\/\/ibr.bs.katowice.pl\/wp-content\/uploads\/2012\/06\/Obraz-140-300x199.jpg\" class=\"attachment-medium size-medium\" alt=\"\" srcset=\"https:\/\/ibr.bs.katowice.pl\/wp-content\/uploads\/2012\/06\/Obraz-140-300x199.jpg 300w, https:\/\/ibr.bs.katowice.pl\/wp-content\/uploads\/2012\/06\/Obraz-140-451x300.jpg 451w, https:\/\/ibr.bs.katowice.pl\/wp-content\/uploads\/2012\/06\/Obraz-140.jpg 800w\" sizes=\"auto, (max-width: 300px) 100vw, 300px\" \/><\/a><\/p>\n"},"caption":{"rendered":"<div class=\"read-more-wrapper\"><a class=\"read-more\" href=\"https:\/\/ibr.bs.katowice.pl\/?attachment_id=379\" title=\"Read More\"> <span class=\"button \">Read More<\/span><\/a><\/div>\n"},"alt_text":"","media_type":"image","mime_type":"image\/jpeg","media_details":{"width":"800","height":"532","hwstring_small":"height='85' width='128'","file":"2012\/06\/Obraz-140.jpg","sizes":{"thumbnail":{"file":"Obraz-140-150x150.jpg","width":"150","height":"150","source_url":"https:\/\/ibr.bs.katowice.pl\/wp-content\/uploads\/2012\/06\/Obraz-140-150x150.jpg"},"medium":{"file":"Obraz-140-300x199.jpg","width":"300","height":"199","source_url":"https:\/\/ibr.bs.katowice.pl\/wp-content\/uploads\/2012\/06\/Obraz-140-300x199.jpg"},"post-thumbnail":{"file":"Obraz-140-800x288.jpg","width":"800","height":"288","source_url":"https:\/\/ibr.bs.katowice.pl\/wp-content\/uploads\/2012\/06\/Obraz-140-800x288.jpg"},"large-feature":{"file":"Obraz-140-800x288.jpg","width":"800","height":"288","source_url":"https:\/\/ibr.bs.katowice.pl\/wp-content\/uploads\/2012\/06\/Obraz-140-800x288.jpg"},"small-feature":{"file":"Obraz-140-451x300.jpg","width":"451","height":"300","source_url":"https:\/\/ibr.bs.katowice.pl\/wp-content\/uploads\/2012\/06\/Obraz-140-451x300.jpg"},"full":{"file":"Obraz-140.jpg","width":800,"height":532,"mime_type":"image\/jpeg","source_url":"https:\/\/ibr.bs.katowice.pl\/wp-content\/uploads\/2012\/06\/Obraz-140.jpg"}},"image_meta":{"aperture":"0","credit":"Picasa","camera":"","caption":"","created_timestamp":"0","copyright":"","focal_length":"0","iso":"0","shutter_speed":"0","title":""}},"post":344,"source_url":"https:\/\/ibr.bs.katowice.pl\/wp-content\/uploads\/2012\/06\/Obraz-140.jpg","_links":{"self":[{"href":"https:\/\/ibr.bs.katowice.pl\/index.php?rest_route=\/wp\/v2\/media\/379","targetHints":{"allow":["GET"]}}],"collection":[{"href":"https:\/\/ibr.bs.katowice.pl\/index.php?rest_route=\/wp\/v2\/media"}],"about":[{"href":"https:\/\/ibr.bs.katowice.pl\/index.php?rest_route=\/wp\/v2\/types\/attachment"}],"author":[{"embeddable":true,"href":"https:\/\/ibr.bs.katowice.pl\/index.php?rest_route=\/wp\/v2\/users\/2"}],"replies":[{"embeddable":true,"href":"https:\/\/ibr.bs.katowice.pl\/index.php?rest_route=%2Fwp%2Fv2%2Fcomments&post=379"}],"wp:attached-to":[{"embeddable":true,"post_type":"post","id":344,"href":"https:\/\/ibr.bs.katowice.pl\/index.php?rest_route=\/wp\/v2\/posts\/344"}],"curies":[{"name":"wp","href":"https:\/\/api.w.org\/{rel}","templated":true}]}}

Uroczysta sesja Sejmiku Śląskiego z okazji 90. rocznicy przyłączenia Górnego Śląska do Polski
